{"id":33113,"date":"2021-10-21T10:03:26","date_gmt":"2021-10-21T10:03:26","guid":{"rendered":"https:\/\/www.oceanografic.local\/?page_id=33113"},"modified":"2022-11-15T15:06:23","modified_gmt":"2022-11-15T15:06:23","slug":"col%c2%b7laboracions-i-voluntariat","status":"publish","type":"page","link":"https:\/\/www.oceanografic.org\/va\/fundacion-oceanografic\/col%c2%b7laboracions-i-voluntariat\/","title":{"rendered":"Col\u00b7laboracions i voluntariat"},"content":{"rendered":"<p id=\"tw-target-text\" class=\"tw-data-text tw-text-large XcVN5d tw-ta\" dir=\"ltr\" data-placeholder=\"Traducci\u00f3n\"><span class=\"Y2IQFc\" lang=\"ca\">La Fundaci\u00f3 Oceanogr\u00e0fic vol fer part\u00edcips de la seua filosofia i els seus valors a totes les persones i institucions que comparteixen la seUa visi\u00f3 i objectius. Per a aix\u00f2, ha desenvolupat un programa de col\u00b7laboraci\u00f3 que ofereix diferents vies de participaci\u00f3.<\/span><\/p>\n","protected":false},"excerpt":{"rendered":"<p>La Fundaci\u00f3 Oceanogr\u00e0fic vol fer part\u00edcips de la seua filosofia i els seus valors a totes les persones i institucions que comparteixen la seUa visi\u00f3 i objectius. Per a aix\u00f2, ha desenvolupat un programa de col\u00b7laboraci\u00f3 que ofereix diferents vies de participaci\u00f3.<\/p>\n","protected":false},"author":6,"featured_media":37256,"parent":21751,"menu_order":0,"comment_status":"closed","ping_status":"closed","template":"template-blocks.php","meta":{"_acf_changed":false,"footnotes":""},"class_list":["post-33113","page","type-page","status-publish","has-post-thumbnail","hentry"],"acf":[],"yoast_head":"<!-- This site is optimized with the Yoast SEO plugin v27.5 - https:\/\/yoast.com\/product\/yoast-seo-wordpress\/ -->\n<title>Col\u00b7laboracions i voluntariat - Oceanogr\u00e0fic de Val\u00e8ncia<\/title>\n<meta name=\"robots\" content=\"index, follow, max-snippet:-1, max-image-preview:large, max-video-preview:-1\" \/>\n<link rel=\"canonical\" href=\"https:\/\/www.oceanografic.org\/va\/fundacion-oceanografic\/col%c2%b7laboracions-i-voluntariat\/\" \/>\n<meta property=\"og:locale\" content=\"en_US\" \/>\n<meta property=\"og:type\" content=\"article\" \/>\n<meta property=\"og:title\" content=\"Col\u00b7laboracions i voluntariat - Oceanogr\u00e0fic de Val\u00e8ncia\" \/>\n<meta property=\"og:description\" content=\"La Fundaci\u00f3 Oceanogr\u00e0fic vol fer part\u00edcips de la seua filosofia i els seus valors a totes les persones i institucions que comparteixen la seUa visi\u00f3 i objectius. Per a aix\u00f2, ha desenvolupat un programa de col\u00b7laboraci\u00f3 que ofereix diferents vies de participaci\u00f3.\" \/>\n<meta property=\"og:url\" content=\"https:\/\/www.oceanografic.org\/va\/fundacion-oceanografic\/col%c2%b7laboracions-i-voluntariat\/\" \/>\n<meta property=\"og:site_name\" content=\"Oceanogr\u00e0fic de Val\u00e8ncia\" \/>\n<meta property=\"article:publisher\" content=\"https:\/\/www.facebook.com\/oceanograficvl\" \/>\n<meta property=\"article:modified_time\" content=\"2022-11-15T15:06:23+00:00\" \/>\n<meta property=\"og:image\" content=\"https:\/\/www.oceanografic.org\/wp-content\/uploads\/2022\/09\/PA129677-2photo2-scaled.jpeg\" \/>\n\t<meta property=\"og:image:width\" content=\"2560\" \/>\n\t<meta property=\"og:image:height\" content=\"1955\" \/>\n\t<meta property=\"og:image:type\" content=\"image\/jpeg\" \/>\n<meta name=\"twitter:card\" content=\"summary_large_image\" \/>\n<meta name=\"twitter:site\" content=\"@Oceanografic_vl\" \/>\n<script type=\"application\/ld+json\" class=\"yoast-schema-graph\">{\"@context\":\"https:\\\/\\\/schema.org\",\"@graph\":[{\"@type\":\"WebPage\",\"@id\":\"https:\\\/\\\/www.oceanografic.org\\\/va\\\/fundacion-oceanografic\\\/col%c2%b7laboracions-i-voluntariat\\\/\",\"url\":\"https:\\\/\\\/www.oceanografic.org\\\/va\\\/fundacion-oceanografic\\\/col%c2%b7laboracions-i-voluntariat\\\/\",\"name\":\"Col\u00b7laboracions i voluntariat - Oceanogr\u00e0fic de Val\u00e8ncia\",\"isPartOf\":{\"@id\":\"https:\\\/\\\/www.oceanografic.org\\\/va\\\/#website\"},\"primaryImageOfPage\":{\"@id\":\"https:\\\/\\\/www.oceanografic.org\\\/va\\\/fundacion-oceanografic\\\/col%c2%b7laboracions-i-voluntariat\\\/#primaryimage\"},\"image\":{\"@id\":\"https:\\\/\\\/www.oceanografic.org\\\/va\\\/fundacion-oceanografic\\\/col%c2%b7laboracions-i-voluntariat\\\/#primaryimage\"},\"thumbnailUrl\":\"https:\\\/\\\/www.oceanografic.org\\\/wp-content\\\/uploads\\\/2022\\\/09\\\/PA129677-2photo2-scaled.jpeg\",\"datePublished\":\"2021-10-21T10:03:26+00:00\",\"dateModified\":\"2022-11-15T15:06:23+00:00\",\"breadcrumb\":{\"@id\":\"https:\\\/\\\/www.oceanografic.org\\\/va\\\/fundacion-oceanografic\\\/col%c2%b7laboracions-i-voluntariat\\\/#breadcrumb\"},\"inLanguage\":\"va\",\"potentialAction\":[{\"@type\":\"ReadAction\",\"target\":[\"https:\\\/\\\/www.oceanografic.org\\\/va\\\/fundacion-oceanografic\\\/col%c2%b7laboracions-i-voluntariat\\\/\"]}]},{\"@type\":\"ImageObject\",\"inLanguage\":\"va\",\"@id\":\"https:\\\/\\\/www.oceanografic.org\\\/va\\\/fundacion-oceanografic\\\/col%c2%b7laboracions-i-voluntariat\\\/#primaryimage\",\"url\":\"https:\\\/\\\/www.oceanografic.org\\\/wp-content\\\/uploads\\\/2022\\\/09\\\/PA129677-2photo2-scaled.jpeg\",\"contentUrl\":\"https:\\\/\\\/www.oceanografic.org\\\/wp-content\\\/uploads\\\/2022\\\/09\\\/PA129677-2photo2-scaled.jpeg\",\"width\":2560,\"height\":1955},{\"@type\":\"BreadcrumbList\",\"@id\":\"https:\\\/\\\/www.oceanografic.org\\\/va\\\/fundacion-oceanografic\\\/col%c2%b7laboracions-i-voluntariat\\\/#breadcrumb\",\"itemListElement\":[{\"@type\":\"ListItem\",\"position\":1,\"name\":\"Portada\",\"item\":\"https:\\\/\\\/www.oceanografic.org\\\/va\\\/\"},{\"@type\":\"ListItem\",\"position\":2,\"name\":\"Fundaci\u00f3 Oceanogr\u00e0fic\",\"item\":\"https:\\\/\\\/www.oceanografic.org\\\/va\\\/fundacion-oceanografic\\\/\"},{\"@type\":\"ListItem\",\"position\":3,\"name\":\"Col\u00b7laboracions i voluntariat\"}]},{\"@type\":\"WebSite\",\"@id\":\"https:\\\/\\\/www.oceanografic.org\\\/va\\\/#website\",\"url\":\"https:\\\/\\\/www.oceanografic.org\\\/va\\\/\",\"name\":\"Oceanogr\u00e0fic de Val\u00e8ncia\",\"description\":\"\",\"publisher\":{\"@id\":\"https:\\\/\\\/www.oceanografic.org\\\/va\\\/#organization\"},\"potentialAction\":[{\"@type\":\"SearchAction\",\"target\":{\"@type\":\"EntryPoint\",\"urlTemplate\":\"https:\\\/\\\/www.oceanografic.org\\\/va\\\/?s={search_term_string}\"},\"query-input\":{\"@type\":\"PropertyValueSpecification\",\"valueRequired\":true,\"valueName\":\"search_term_string\"}}],\"inLanguage\":\"va\"},{\"@type\":\"Organization\",\"@id\":\"https:\\\/\\\/www.oceanografic.org\\\/va\\\/#organization\",\"name\":\"Oceanogr\u00e0fic de Val\u00e8ncia\",\"url\":\"https:\\\/\\\/www.oceanografic.org\\\/va\\\/\",\"logo\":{\"@type\":\"ImageObject\",\"inLanguage\":\"va\",\"@id\":\"https:\\\/\\\/www.oceanografic.org\\\/va\\\/#\\\/schema\\\/logo\\\/image\\\/\",\"url\":\"https:\\\/\\\/www.oceanografic.org\\\/wp-content\\\/uploads\\\/2024\\\/10\\\/Logo-OCE.png\",\"contentUrl\":\"https:\\\/\\\/www.oceanografic.org\\\/wp-content\\\/uploads\\\/2024\\\/10\\\/Logo-OCE.png\",\"width\":3543,\"height\":1286,\"caption\":\"Oceanogr\u00e0fic de Val\u00e8ncia\"},\"image\":{\"@id\":\"https:\\\/\\\/www.oceanografic.org\\\/va\\\/#\\\/schema\\\/logo\\\/image\\\/\"},\"sameAs\":[\"https:\\\/\\\/www.facebook.com\\\/oceanograficvl\",\"https:\\\/\\\/x.com\\\/Oceanografic_vl\"]}]}<\/script>\n<!-- \/ Yoast SEO plugin. -->","yoast_head_json":{"title":"Col\u00b7laboracions i voluntariat - Oceanogr\u00e0fic de Val\u00e8ncia","robots":{"index":"index","follow":"follow","max-snippet":"max-snippet:-1","max-image-preview":"max-image-preview:large","max-video-preview":"max-video-preview:-1"},"canonical":"https:\/\/www.oceanografic.org\/va\/fundacion-oceanografic\/col%c2%b7laboracions-i-voluntariat\/","og_locale":"en_US","og_type":"article","og_title":"Col\u00b7laboracions i voluntariat - Oceanogr\u00e0fic de Val\u00e8ncia","og_description":"La Fundaci\u00f3 Oceanogr\u00e0fic vol fer part\u00edcips de la seua filosofia i els seus valors a totes les persones i institucions que comparteixen la seUa visi\u00f3 i objectius. Per a aix\u00f2, ha desenvolupat un programa de col\u00b7laboraci\u00f3 que ofereix diferents vies de participaci\u00f3.","og_url":"https:\/\/www.oceanografic.org\/va\/fundacion-oceanografic\/col%c2%b7laboracions-i-voluntariat\/","og_site_name":"Oceanogr\u00e0fic de Val\u00e8ncia","article_publisher":"https:\/\/www.facebook.com\/oceanograficvl","article_modified_time":"2022-11-15T15:06:23+00:00","og_image":[{"width":2560,"height":1955,"url":"https:\/\/www.oceanografic.org\/wp-content\/uploads\/2022\/09\/PA129677-2photo2-scaled.jpeg","type":"image\/jpeg"}],"twitter_card":"summary_large_image","twitter_site":"@Oceanografic_vl","schema":{"@context":"https:\/\/schema.org","@graph":[{"@type":"WebPage","@id":"https:\/\/www.oceanografic.org\/va\/fundacion-oceanografic\/col%c2%b7laboracions-i-voluntariat\/","url":"https:\/\/www.oceanografic.org\/va\/fundacion-oceanografic\/col%c2%b7laboracions-i-voluntariat\/","name":"Col\u00b7laboracions i voluntariat - Oceanogr\u00e0fic de Val\u00e8ncia","isPartOf":{"@id":"https:\/\/www.oceanografic.org\/va\/#website"},"primaryImageOfPage":{"@id":"https:\/\/www.oceanografic.org\/va\/fundacion-oceanografic\/col%c2%b7laboracions-i-voluntariat\/#primaryimage"},"image":{"@id":"https:\/\/www.oceanografic.org\/va\/fundacion-oceanografic\/col%c2%b7laboracions-i-voluntariat\/#primaryimage"},"thumbnailUrl":"https:\/\/www.oceanografic.org\/wp-content\/uploads\/2022\/09\/PA129677-2photo2-scaled.jpeg","datePublished":"2021-10-21T10:03:26+00:00","dateModified":"2022-11-15T15:06:23+00:00","breadcrumb":{"@id":"https:\/\/www.oceanografic.org\/va\/fundacion-oceanografic\/col%c2%b7laboracions-i-voluntariat\/#breadcrumb"},"inLanguage":"va","potentialAction":[{"@type":"ReadAction","target":["https:\/\/www.oceanografic.org\/va\/fundacion-oceanografic\/col%c2%b7laboracions-i-voluntariat\/"]}]},{"@type":"ImageObject","inLanguage":"va","@id":"https:\/\/www.oceanografic.org\/va\/fundacion-oceanografic\/col%c2%b7laboracions-i-voluntariat\/#primaryimage","url":"https:\/\/www.oceanografic.org\/wp-content\/uploads\/2022\/09\/PA129677-2photo2-scaled.jpeg","contentUrl":"https:\/\/www.oceanografic.org\/wp-content\/uploads\/2022\/09\/PA129677-2photo2-scaled.jpeg","width":2560,"height":1955},{"@type":"BreadcrumbList","@id":"https:\/\/www.oceanografic.org\/va\/fundacion-oceanografic\/col%c2%b7laboracions-i-voluntariat\/#breadcrumb","itemListElement":[{"@type":"ListItem","position":1,"name":"Portada","item":"https:\/\/www.oceanografic.org\/va\/"},{"@type":"ListItem","position":2,"name":"Fundaci\u00f3 Oceanogr\u00e0fic","item":"https:\/\/www.oceanografic.org\/va\/fundacion-oceanografic\/"},{"@type":"ListItem","position":3,"name":"Col\u00b7laboracions i voluntariat"}]},{"@type":"WebSite","@id":"https:\/\/www.oceanografic.org\/va\/#website","url":"https:\/\/www.oceanografic.org\/va\/","name":"Oceanogr\u00e0fic de Val\u00e8ncia","description":"","publisher":{"@id":"https:\/\/www.oceanografic.org\/va\/#organization"},"potentialAction":[{"@type":"SearchAction","target":{"@type":"EntryPoint","urlTemplate":"https:\/\/www.oceanografic.org\/va\/?s={search_term_string}"},"query-input":{"@type":"PropertyValueSpecification","valueRequired":true,"valueName":"search_term_string"}}],"inLanguage":"va"},{"@type":"Organization","@id":"https:\/\/www.oceanografic.org\/va\/#organization","name":"Oceanogr\u00e0fic de Val\u00e8ncia","url":"https:\/\/www.oceanografic.org\/va\/","logo":{"@type":"ImageObject","inLanguage":"va","@id":"https:\/\/www.oceanografic.org\/va\/#\/schema\/logo\/image\/","url":"https:\/\/www.oceanografic.org\/wp-content\/uploads\/2024\/10\/Logo-OCE.png","contentUrl":"https:\/\/www.oceanografic.org\/wp-content\/uploads\/2024\/10\/Logo-OCE.png","width":3543,"height":1286,"caption":"Oceanogr\u00e0fic de Val\u00e8ncia"},"image":{"@id":"https:\/\/www.oceanografic.org\/va\/#\/schema\/logo\/image\/"},"sameAs":["https:\/\/www.facebook.com\/oceanograficvl","https:\/\/x.com\/Oceanografic_vl"]}]}},"_links":{"self":[{"href":"https:\/\/www.oceanografic.org\/va\/wp-json\/wp\/v2\/pages\/33113","targetHints":{"allow":["GET"]}}],"collection":[{"href":"https:\/\/www.oceanografic.org\/va\/wp-json\/wp\/v2\/pages"}],"about":[{"href":"https:\/\/www.oceanografic.org\/va\/wp-json\/wp\/v2\/types\/page"}],"author":[{"embeddable":true,"href":"https:\/\/www.oceanografic.org\/va\/wp-json\/wp\/v2\/users\/6"}],"replies":[{"embeddable":true,"href":"https:\/\/www.oceanografic.org\/va\/wp-json\/wp\/v2\/comments?post=33113"}],"version-history":[{"count":0,"href":"https:\/\/www.oceanografic.org\/va\/wp-json\/wp\/v2\/pages\/33113\/revisions"}],"up":[{"embeddable":true,"href":"https:\/\/www.oceanografic.org\/va\/wp-json\/wp\/v2\/pages\/21751"}],"wp:featuredmedia":[{"embeddable":true,"href":"https:\/\/www.oceanografic.org\/va\/wp-json\/wp\/v2\/media\/37256"}],"wp:attachment":[{"href":"https:\/\/www.oceanografic.org\/va\/wp-json\/wp\/v2\/media?parent=33113"}],"curies":[{"name":"wp","href":"https:\/\/api.w.org\/{rel}","templated":true}]}}

<p id="tw-target-text" class="tw-data-text tw-text-large XcVN5d tw-ta" dir="ltr" data-placeholder="Traducción"><span class="Y2IQFc" lang="ca">La Fundació Oceanogràfic vol fer partícips de la seua filosofia i els seus valors a totes les persones i institucions que comparteixen la seUa visió i objectius. Per a això, ha desenvolupat un programa de col·laboració que ofereix diferents vies de participació.</span></p>

<p>La Fundació Oceanogràfic vol fer partícips de la seua filosofia i els seus valors a totes les persones i institucions que comparteixen la seUa visió i objectius. Per a això, ha desenvolupat un programa de col·laboració que ofereix diferents vies de participació.</p>

<!-- This site is optimized with the Yoast SEO plugin v27.5 - https://yoast.com/product/yoast-seo-wordpress/ -->
<title>Col·laboracions i voluntariat - Oceanogràfic de València</title>
<meta name="robots" content="index, follow, max-snippet:-1, max-image-preview:large, max-video-preview:-1" />
<link rel="canonical" href="https://www.oceanografic.org/va/fundacion-oceanografic/col%c2%b7laboracions-i-voluntariat/" />
<meta property="og:locale" content="en_US" />
<meta property="og:type" content="article" />
<meta property="og:title" content="Col·laboracions i voluntariat - Oceanogràfic de València" />
<meta property="og:description" content="La Fundació Oceanogràfic vol fer partícips de la seua filosofia i els seus valors a totes les persones i institucions que comparteixen la seUa visió i objectius. Per a això, ha desenvolupat un programa de col·laboració que ofereix diferents vies de participació." />
<meta property="og:url" content="https://www.oceanografic.org/va/fundacion-oceanografic/col%c2%b7laboracions-i-voluntariat/" />
<meta property="og:site_name" content="Oceanogràfic de València" />
<meta property="article:publisher" content="https://www.facebook.com/oceanograficvl" />
<meta property="article:modified_time" content="2022-11-15T15:06:23+00:00" />
<meta property="og:image" content="https://www.oceanografic.org/wp-content/uploads/2022/09/PA129677-2photo2-scaled.jpeg" />
	<meta property="og:image:width" content="2560" />
	<meta property="og:image:height" content="1955" />
	<meta property="og:image:type" content="image/jpeg" />
<meta name="twitter:card" content="summary_large_image" />
<meta name="twitter:site" content="@Oceanografic_vl" />
<script type="application/ld+json" class="yoast-schema-graph">{"@context":"https:\/\/schema.org","@graph":[{"@type":"WebPage","@id":"https:\/\/www.oceanografic.org\/va\/fundacion-oceanografic\/col%c2%b7laboracions-i-voluntariat\/","url":"https:\/\/www.oceanografic.org\/va\/fundacion-oceanografic\/col%c2%b7laboracions-i-voluntariat\/","name":"Col·laboracions i voluntariat - Oceanogràfic de València","isPartOf":{"@id":"https:\/\/www.oceanografic.org\/va\/#website"},"primaryImageOfPage":{"@id":"https:\/\/www.oceanografic.org\/va\/fundacion-oceanografic\/col%c2%b7laboracions-i-voluntariat\/#primaryimage"},"image":{"@id":"https:\/\/www.oceanografic.org\/va\/fundacion-oceanografic\/col%c2%b7laboracions-i-voluntariat\/#primaryimage"},"thumbnailUrl":"https:\/\/www.oceanografic.org\/wp-content\/uploads\/2022\/09\/PA129677-2photo2-scaled.jpeg","datePublished":"2021-10-21T10:03:26+00:00","dateModified":"2022-11-15T15:06:23+00:00","breadcrumb":{"@id":"https:\/\/www.oceanografic.org\/va\/fundacion-oceanografic\/col%c2%b7laboracions-i-voluntariat\/#breadcrumb"},"inLanguage":"va","potentialAction":[{"@type":"ReadAction","target":["https:\/\/www.oceanografic.org\/va\/fundacion-oceanografic\/col%c2%b7laboracions-i-voluntariat\/"]}]},{"@type":"ImageObject","inLanguage":"va","@id":"https:\/\/www.oceanografic.org\/va\/fundacion-oceanografic\/col%c2%b7laboracions-i-voluntariat\/#primaryimage","url":"https:\/\/www.oceanografic.org\/wp-content\/uploads\/2022\/09\/PA129677-2photo2-scaled.jpeg","contentUrl":"https:\/\/www.oceanografic.org\/wp-content\/uploads\/2022\/09\/PA129677-2photo2-scaled.jpeg","width":2560,"height":1955},{"@type":"BreadcrumbList","@id":"https:\/\/www.oceanografic.org\/va\/fundacion-oceanografic\/col%c2%b7laboracions-i-voluntariat\/#breadcrumb","itemListElement":[{"@type":"ListItem","position":1,"name":"Portada","item":"https:\/\/www.oceanografic.org\/va\/"},{"@type":"ListItem","position":2,"name":"Fundació Oceanogràfic","item":"https:\/\/www.oceanografic.org\/va\/fundacion-oceanografic\/"},{"@type":"ListItem","position":3,"name":"Col·laboracions i voluntariat"}]},{"@type":"WebSite","@id":"https:\/\/www.oceanografic.org\/va\/#website","url":"https:\/\/www.oceanografic.org\/va\/","name":"Oceanogràfic de València","description":"","publisher":{"@id":"https:\/\/www.oceanografic.org\/va\/#organization"},"potentialAction":[{"@type":"SearchAction","target":{"@type":"EntryPoint","urlTemplate":"https:\/\/www.oceanografic.org\/va\/?s={search_term_string}"},"query-input":{"@type":"PropertyValueSpecification","valueRequired":true,"valueName":"search_term_string"}}],"inLanguage":"va"},{"@type":"Organization","@id":"https:\/\/www.oceanografic.org\/va\/#organization","name":"Oceanogràfic de València","url":"https:\/\/www.oceanografic.org\/va\/","logo":{"@type":"ImageObject","inLanguage":"va","@id":"https:\/\/www.oceanografic.org\/va\/#\/schema\/logo\/image\/","url":"https:\/\/www.oceanografic.org\/wp-content\/uploads\/2024\/10\/Logo-OCE.png","contentUrl":"https:\/\/www.oceanografic.org\/wp-content\/uploads\/2024\/10\/Logo-OCE.png","width":3543,"height":1286,"caption":"Oceanogràfic de València"},"image":{"@id":"https:\/\/www.oceanografic.org\/va\/#\/schema\/logo\/image\/"},"sameAs":["https:\/\/www.facebook.com\/oceanograficvl","https:\/\/x.com\/Oceanografic_vl"]}]}</script>
<!-- / Yoast SEO plugin. -->

Col·laboracions i voluntariat - Oceanogràfic de València

La Fundació Oceanogràfic vol fer partícips de la seua filosofia i els seus valors a totes les persones i institucions que comparteixen la seUa visió i objectius. Per a això, ha desenvolupat un programa de col·laboració que ofereix diferents vies de participació.

Oceanogràfic de València

Fundació Oceanogràfic
