{"id":109844,"date":"2022-09-21T08:35:14","date_gmt":"2022-09-21T08:35:14","guid":{"rendered":"https:\/\/www.oceanografic.org\/la-marea-del-canvi\/"},"modified":"2022-09-21T08:35:14","modified_gmt":"2022-09-21T08:35:14","slug":"la-marea-del-canvi","status":"publish","type":"page","link":"https:\/\/www.oceanografic.org\/va\/la-marea-del-canvi\/","title":{"rendered":"La Marea del Canvi"},"content":{"rendered":"<p>Aliances pel clima<\/p>\n","protected":false},"excerpt":{"rendered":"<p>Aliances pel clima<\/p>\n","protected":false},"author":2,"featured_media":77454,"parent":0,"menu_order":0,"comment_status":"closed","ping_status":"closed","template":"template-blocks.php","meta":{"_acf_changed":false,"footnotes":""},"class_list":["post-109844","page","type-page","status-publish","has-post-thumbnail","hentry"],"acf":[],"yoast_head":"<!-- This site is optimized with the Yoast SEO plugin v27.5 - https:\/\/yoast.com\/product\/yoast-seo-wordpress\/ -->\n<title>La Marea del Canvi - Oceanogr\u00e0fic de Val\u00e8ncia<\/title>\n<meta name=\"description\" content=\"La Fundaci\u00f3 Oceanogr\u00e0fic neix per refor\u00e7ar i amplificar la tasca que l&#039;Oceanogr\u00e0fic duu a terme en el seu prop\u00f2sit de protegir el medi mar\u00ed.\" \/>\n<meta name=\"robots\" content=\"noindex, follow\" \/>\n<meta property=\"og:locale\" content=\"en_US\" \/>\n<meta property=\"og:type\" content=\"article\" \/>\n<meta property=\"og:title\" content=\"La Marea del Canvi - Oceanogr\u00e0fic de Val\u00e8ncia\" \/>\n<meta property=\"og:description\" content=\"La Fundaci\u00f3 Oceanogr\u00e0fic neix per refor\u00e7ar i amplificar la tasca que l&#039;Oceanogr\u00e0fic duu a terme en el seu prop\u00f2sit de protegir el medi mar\u00ed.\" \/>\n<meta property=\"og:url\" content=\"https:\/\/www.oceanografic.org\/va\/la-marea-del-canvi\/\" \/>\n<meta property=\"og:site_name\" content=\"Oceanogr\u00e0fic de Val\u00e8ncia\" \/>\n<meta property=\"article:publisher\" content=\"https:\/\/www.facebook.com\/oceanograficvl\" \/>\n<meta property=\"og:image\" content=\"https:\/\/www.oceanografic.org\/wp-content\/uploads\/2024\/04\/Cabecera-Web-ajustada-scaled.jpg\" \/>\n\t<meta property=\"og:image:width\" content=\"2560\" \/>\n\t<meta property=\"og:image:height\" content=\"1919\" \/>\n\t<meta property=\"og:image:type\" content=\"image\/jpeg\" \/>\n<meta name=\"twitter:card\" content=\"summary_large_image\" \/>\n<meta name=\"twitter:site\" content=\"@Oceanografic_vl\" \/>\n<script type=\"application\/ld+json\" class=\"yoast-schema-graph\">{\"@context\":\"https:\\\/\\\/schema.org\",\"@graph\":[{\"@type\":\"WebPage\",\"@id\":\"https:\\\/\\\/www.oceanografic.org\\\/va\\\/la-marea-del-canvi\\\/\",\"url\":\"https:\\\/\\\/www.oceanografic.org\\\/va\\\/la-marea-del-canvi\\\/\",\"name\":\"La Marea del Canvi - Oceanogr\u00e0fic de Val\u00e8ncia\",\"isPartOf\":{\"@id\":\"https:\\\/\\\/www.oceanografic.org\\\/va\\\/#website\"},\"primaryImageOfPage\":{\"@id\":\"https:\\\/\\\/www.oceanografic.org\\\/va\\\/la-marea-del-canvi\\\/#primaryimage\"},\"image\":{\"@id\":\"https:\\\/\\\/www.oceanografic.org\\\/va\\\/la-marea-del-canvi\\\/#primaryimage\"},\"thumbnailUrl\":\"https:\\\/\\\/www.oceanografic.org\\\/wp-content\\\/uploads\\\/2024\\\/04\\\/Cabecera-Web-ajustada-scaled.jpg\",\"datePublished\":\"2022-09-21T08:35:14+00:00\",\"description\":\"La Fundaci\u00f3 Oceanogr\u00e0fic neix per refor\u00e7ar i amplificar la tasca que l'Oceanogr\u00e0fic duu a terme en el seu prop\u00f2sit de protegir el medi mar\u00ed.\",\"breadcrumb\":{\"@id\":\"https:\\\/\\\/www.oceanografic.org\\\/va\\\/la-marea-del-canvi\\\/#breadcrumb\"},\"inLanguage\":\"va\",\"potentialAction\":[{\"@type\":\"ReadAction\",\"target\":[\"https:\\\/\\\/www.oceanografic.org\\\/va\\\/la-marea-del-canvi\\\/\"]}]},{\"@type\":\"ImageObject\",\"inLanguage\":\"va\",\"@id\":\"https:\\\/\\\/www.oceanografic.org\\\/va\\\/la-marea-del-canvi\\\/#primaryimage\",\"url\":\"https:\\\/\\\/www.oceanografic.org\\\/wp-content\\\/uploads\\\/2024\\\/04\\\/Cabecera-Web-ajustada-scaled.jpg\",\"contentUrl\":\"https:\\\/\\\/www.oceanografic.org\\\/wp-content\\\/uploads\\\/2024\\\/04\\\/Cabecera-Web-ajustada-scaled.jpg\",\"width\":2560,\"height\":1919},{\"@type\":\"BreadcrumbList\",\"@id\":\"https:\\\/\\\/www.oceanografic.org\\\/va\\\/la-marea-del-canvi\\\/#breadcrumb\",\"itemListElement\":[{\"@type\":\"ListItem\",\"position\":1,\"name\":\"Portada\",\"item\":\"https:\\\/\\\/www.oceanografic.org\\\/va\\\/\"},{\"@type\":\"ListItem\",\"position\":2,\"name\":\"La Marea del Canvi\"}]},{\"@type\":\"WebSite\",\"@id\":\"https:\\\/\\\/www.oceanografic.org\\\/va\\\/#website\",\"url\":\"https:\\\/\\\/www.oceanografic.org\\\/va\\\/\",\"name\":\"Oceanogr\u00e0fic de Val\u00e8ncia\",\"description\":\"\",\"publisher\":{\"@id\":\"https:\\\/\\\/www.oceanografic.org\\\/va\\\/#organization\"},\"potentialAction\":[{\"@type\":\"SearchAction\",\"target\":{\"@type\":\"EntryPoint\",\"urlTemplate\":\"https:\\\/\\\/www.oceanografic.org\\\/va\\\/?s={search_term_string}\"},\"query-input\":{\"@type\":\"PropertyValueSpecification\",\"valueRequired\":true,\"valueName\":\"search_term_string\"}}],\"inLanguage\":\"va\"},{\"@type\":\"Organization\",\"@id\":\"https:\\\/\\\/www.oceanografic.org\\\/va\\\/#organization\",\"name\":\"Oceanogr\u00e0fic de Val\u00e8ncia\",\"url\":\"https:\\\/\\\/www.oceanografic.org\\\/va\\\/\",\"logo\":{\"@type\":\"ImageObject\",\"inLanguage\":\"va\",\"@id\":\"https:\\\/\\\/www.oceanografic.org\\\/va\\\/#\\\/schema\\\/logo\\\/image\\\/\",\"url\":\"https:\\\/\\\/www.oceanografic.org\\\/wp-content\\\/uploads\\\/2024\\\/10\\\/Logo-OCE.png\",\"contentUrl\":\"https:\\\/\\\/www.oceanografic.org\\\/wp-content\\\/uploads\\\/2024\\\/10\\\/Logo-OCE.png\",\"width\":3543,\"height\":1286,\"caption\":\"Oceanogr\u00e0fic de Val\u00e8ncia\"},\"image\":{\"@id\":\"https:\\\/\\\/www.oceanografic.org\\\/va\\\/#\\\/schema\\\/logo\\\/image\\\/\"},\"sameAs\":[\"https:\\\/\\\/www.facebook.com\\\/oceanograficvl\",\"https:\\\/\\\/x.com\\\/Oceanografic_vl\"]}]}<\/script>\n<!-- \/ Yoast SEO plugin. -->","yoast_head_json":{"title":"La Marea del Canvi - Oceanogr\u00e0fic de Val\u00e8ncia","description":"La Fundaci\u00f3 Oceanogr\u00e0fic neix per refor\u00e7ar i amplificar la tasca que l'Oceanogr\u00e0fic duu a terme en el seu prop\u00f2sit de protegir el medi mar\u00ed.","robots":{"index":"noindex","follow":"follow"},"og_locale":"en_US","og_type":"article","og_title":"La Marea del Canvi - Oceanogr\u00e0fic de Val\u00e8ncia","og_description":"La Fundaci\u00f3 Oceanogr\u00e0fic neix per refor\u00e7ar i amplificar la tasca que l'Oceanogr\u00e0fic duu a terme en el seu prop\u00f2sit de protegir el medi mar\u00ed.","og_url":"https:\/\/www.oceanografic.org\/va\/la-marea-del-canvi\/","og_site_name":"Oceanogr\u00e0fic de Val\u00e8ncia","article_publisher":"https:\/\/www.facebook.com\/oceanograficvl","og_image":[{"width":2560,"height":1919,"url":"https:\/\/www.oceanografic.org\/wp-content\/uploads\/2024\/04\/Cabecera-Web-ajustada-scaled.jpg","type":"image\/jpeg"}],"twitter_card":"summary_large_image","twitter_site":"@Oceanografic_vl","schema":{"@context":"https:\/\/schema.org","@graph":[{"@type":"WebPage","@id":"https:\/\/www.oceanografic.org\/va\/la-marea-del-canvi\/","url":"https:\/\/www.oceanografic.org\/va\/la-marea-del-canvi\/","name":"La Marea del Canvi - Oceanogr\u00e0fic de Val\u00e8ncia","isPartOf":{"@id":"https:\/\/www.oceanografic.org\/va\/#website"},"primaryImageOfPage":{"@id":"https:\/\/www.oceanografic.org\/va\/la-marea-del-canvi\/#primaryimage"},"image":{"@id":"https:\/\/www.oceanografic.org\/va\/la-marea-del-canvi\/#primaryimage"},"thumbnailUrl":"https:\/\/www.oceanografic.org\/wp-content\/uploads\/2024\/04\/Cabecera-Web-ajustada-scaled.jpg","datePublished":"2022-09-21T08:35:14+00:00","description":"La Fundaci\u00f3 Oceanogr\u00e0fic neix per refor\u00e7ar i amplificar la tasca que l'Oceanogr\u00e0fic duu a terme en el seu prop\u00f2sit de protegir el medi mar\u00ed.","breadcrumb":{"@id":"https:\/\/www.oceanografic.org\/va\/la-marea-del-canvi\/#breadcrumb"},"inLanguage":"va","potentialAction":[{"@type":"ReadAction","target":["https:\/\/www.oceanografic.org\/va\/la-marea-del-canvi\/"]}]},{"@type":"ImageObject","inLanguage":"va","@id":"https:\/\/www.oceanografic.org\/va\/la-marea-del-canvi\/#primaryimage","url":"https:\/\/www.oceanografic.org\/wp-content\/uploads\/2024\/04\/Cabecera-Web-ajustada-scaled.jpg","contentUrl":"https:\/\/www.oceanografic.org\/wp-content\/uploads\/2024\/04\/Cabecera-Web-ajustada-scaled.jpg","width":2560,"height":1919},{"@type":"BreadcrumbList","@id":"https:\/\/www.oceanografic.org\/va\/la-marea-del-canvi\/#breadcrumb","itemListElement":[{"@type":"ListItem","position":1,"name":"Portada","item":"https:\/\/www.oceanografic.org\/va\/"},{"@type":"ListItem","position":2,"name":"La Marea del Canvi"}]},{"@type":"WebSite","@id":"https:\/\/www.oceanografic.org\/va\/#website","url":"https:\/\/www.oceanografic.org\/va\/","name":"Oceanogr\u00e0fic de Val\u00e8ncia","description":"","publisher":{"@id":"https:\/\/www.oceanografic.org\/va\/#organization"},"potentialAction":[{"@type":"SearchAction","target":{"@type":"EntryPoint","urlTemplate":"https:\/\/www.oceanografic.org\/va\/?s={search_term_string}"},"query-input":{"@type":"PropertyValueSpecification","valueRequired":true,"valueName":"search_term_string"}}],"inLanguage":"va"},{"@type":"Organization","@id":"https:\/\/www.oceanografic.org\/va\/#organization","name":"Oceanogr\u00e0fic de Val\u00e8ncia","url":"https:\/\/www.oceanografic.org\/va\/","logo":{"@type":"ImageObject","inLanguage":"va","@id":"https:\/\/www.oceanografic.org\/va\/#\/schema\/logo\/image\/","url":"https:\/\/www.oceanografic.org\/wp-content\/uploads\/2024\/10\/Logo-OCE.png","contentUrl":"https:\/\/www.oceanografic.org\/wp-content\/uploads\/2024\/10\/Logo-OCE.png","width":3543,"height":1286,"caption":"Oceanogr\u00e0fic de Val\u00e8ncia"},"image":{"@id":"https:\/\/www.oceanografic.org\/va\/#\/schema\/logo\/image\/"},"sameAs":["https:\/\/www.facebook.com\/oceanograficvl","https:\/\/x.com\/Oceanografic_vl"]}]}},"_links":{"self":[{"href":"https:\/\/www.oceanografic.org\/va\/wp-json\/wp\/v2\/pages\/109844","targetHints":{"allow":["GET"]}}],"collection":[{"href":"https:\/\/www.oceanografic.org\/va\/wp-json\/wp\/v2\/pages"}],"about":[{"href":"https:\/\/www.oceanografic.org\/va\/wp-json\/wp\/v2\/types\/page"}],"author":[{"embeddable":true,"href":"https:\/\/www.oceanografic.org\/va\/wp-json\/wp\/v2\/users\/2"}],"replies":[{"embeddable":true,"href":"https:\/\/www.oceanografic.org\/va\/wp-json\/wp\/v2\/comments?post=109844"}],"version-history":[{"count":0,"href":"https:\/\/www.oceanografic.org\/va\/wp-json\/wp\/v2\/pages\/109844\/revisions"}],"wp:featuredmedia":[{"embeddable":true,"href":"https:\/\/www.oceanografic.org\/va\/wp-json\/wp\/v2\/media\/77454"}],"wp:attachment":[{"href":"https:\/\/www.oceanografic.org\/va\/wp-json\/wp\/v2\/media?parent=109844"}],"curies":[{"name":"wp","href":"https:\/\/api.w.org\/{rel}","templated":true}]}}

<!-- This site is optimized with the Yoast SEO plugin v27.5 - https://yoast.com/product/yoast-seo-wordpress/ -->
<title>La Marea del Canvi - Oceanogràfic de València</title>
<meta name="description" content="La Fundació Oceanogràfic neix per reforçar i amplificar la tasca que l&#039;Oceanogràfic duu a terme en el seu propòsit de protegir el medi marí." />
<meta name="robots" content="noindex, follow" />
<meta property="og:locale" content="en_US" />
<meta property="og:type" content="article" />
<meta property="og:title" content="La Marea del Canvi - Oceanogràfic de València" />
<meta property="og:description" content="La Fundació Oceanogràfic neix per reforçar i amplificar la tasca que l&#039;Oceanogràfic duu a terme en el seu propòsit de protegir el medi marí." />
<meta property="og:url" content="https://www.oceanografic.org/va/la-marea-del-canvi/" />
<meta property="og:site_name" content="Oceanogràfic de València" />
<meta property="article:publisher" content="https://www.facebook.com/oceanograficvl" />
<meta property="og:image" content="https://www.oceanografic.org/wp-content/uploads/2024/04/Cabecera-Web-ajustada-scaled.jpg" />
	<meta property="og:image:width" content="2560" />
	<meta property="og:image:height" content="1919" />
	<meta property="og:image:type" content="image/jpeg" />
<meta name="twitter:card" content="summary_large_image" />
<meta name="twitter:site" content="@Oceanografic_vl" />
<script type="application/ld+json" class="yoast-schema-graph">{"@context":"https:\/\/schema.org","@graph":[{"@type":"WebPage","@id":"https:\/\/www.oceanografic.org\/va\/la-marea-del-canvi\/","url":"https:\/\/www.oceanografic.org\/va\/la-marea-del-canvi\/","name":"La Marea del Canvi - Oceanogràfic de València","isPartOf":{"@id":"https:\/\/www.oceanografic.org\/va\/#website"},"primaryImageOfPage":{"@id":"https:\/\/www.oceanografic.org\/va\/la-marea-del-canvi\/#primaryimage"},"image":{"@id":"https:\/\/www.oceanografic.org\/va\/la-marea-del-canvi\/#primaryimage"},"thumbnailUrl":"https:\/\/www.oceanografic.org\/wp-content\/uploads\/2024\/04\/Cabecera-Web-ajustada-scaled.jpg","datePublished":"2022-09-21T08:35:14+00:00","description":"La Fundació Oceanogràfic neix per reforçar i amplificar la tasca que l'Oceanogràfic duu a terme en el seu propòsit de protegir el medi marí.","breadcrumb":{"@id":"https:\/\/www.oceanografic.org\/va\/la-marea-del-canvi\/#breadcrumb"},"inLanguage":"va","potentialAction":[{"@type":"ReadAction","target":["https:\/\/www.oceanografic.org\/va\/la-marea-del-canvi\/"]}]},{"@type":"ImageObject","inLanguage":"va","@id":"https:\/\/www.oceanografic.org\/va\/la-marea-del-canvi\/#primaryimage","url":"https:\/\/www.oceanografic.org\/wp-content\/uploads\/2024\/04\/Cabecera-Web-ajustada-scaled.jpg","contentUrl":"https:\/\/www.oceanografic.org\/wp-content\/uploads\/2024\/04\/Cabecera-Web-ajustada-scaled.jpg","width":2560,"height":1919},{"@type":"BreadcrumbList","@id":"https:\/\/www.oceanografic.org\/va\/la-marea-del-canvi\/#breadcrumb","itemListElement":[{"@type":"ListItem","position":1,"name":"Portada","item":"https:\/\/www.oceanografic.org\/va\/"},{"@type":"ListItem","position":2,"name":"La Marea del Canvi"}]},{"@type":"WebSite","@id":"https:\/\/www.oceanografic.org\/va\/#website","url":"https:\/\/www.oceanografic.org\/va\/","name":"Oceanogràfic de València","description":"","publisher":{"@id":"https:\/\/www.oceanografic.org\/va\/#organization"},"potentialAction":[{"@type":"SearchAction","target":{"@type":"EntryPoint","urlTemplate":"https:\/\/www.oceanografic.org\/va\/?s={search_term_string}"},"query-input":{"@type":"PropertyValueSpecification","valueRequired":true,"valueName":"search_term_string"}}],"inLanguage":"va"},{"@type":"Organization","@id":"https:\/\/www.oceanografic.org\/va\/#organization","name":"Oceanogràfic de València","url":"https:\/\/www.oceanografic.org\/va\/","logo":{"@type":"ImageObject","inLanguage":"va","@id":"https:\/\/www.oceanografic.org\/va\/#\/schema\/logo\/image\/","url":"https:\/\/www.oceanografic.org\/wp-content\/uploads\/2024\/10\/Logo-OCE.png","contentUrl":"https:\/\/www.oceanografic.org\/wp-content\/uploads\/2024\/10\/Logo-OCE.png","width":3543,"height":1286,"caption":"Oceanogràfic de València"},"image":{"@id":"https:\/\/www.oceanografic.org\/va\/#\/schema\/logo\/image\/"},"sameAs":["https:\/\/www.facebook.com\/oceanograficvl","https:\/\/x.com\/Oceanografic_vl"]}]}</script>
<!-- / Yoast SEO plugin. -->

La Marea del Canvi - Oceanogràfic de València

La Fundació Oceanogràfic neix per reforçar i amplificar la tasca que l'Oceanogràfic duu a terme en el seu propòsit de protegir el medi marí.

Oceanogràfic de València
