{"id":109563,"date":"2023-02-01T16:05:04","date_gmt":"2023-02-01T16:05:04","guid":{"rendered":"https:\/\/www.oceanografic.org\/installazione-mediterraneo\/"},"modified":"2023-02-01T16:05:04","modified_gmt":"2023-02-01T16:05:04","slug":"installazione-mediterraneo","status":"publish","type":"page","link":"https:\/\/www.oceanografic.org\/it\/installazione-mediterraneo\/","title":{"rendered":"Installazione Mediterraneo"},"content":{"rendered":"<h2>Scopri di pi\u00f9 sugli acquari che compongono il Mediterraneo<\/h2>\n<p>&nbsp;<\/p>\n<p>Il Mediterraneo si trova nella fascia dei mari temperati. \u00c8 situato tra continenti e le sue uniche connessioni con altre masse d&#8217;acqua sono il canale di Suez e lo stretto di Gibilterra. <\/p>\n<p>Poco profondo, relativamente piccolo e praticamente chiuso tra i continenti che lo circondano. Tutto ci\u00f2 fa s\u00ec che l&#8217;acqua circoli in modo peculiare, generando ecosistemi particolari e una biodiversit\u00e0 molto varia. Entrando nell&#8217;installazione Mediterraneo dell&#8217;Oceanogr\u00e0fic, i diversi ambienti marini qui rappresentati seguiranno il corso della tua immersione e, man mano che aumenti la profondit\u00e0, vedrai davanti a te un campione di un ecosistema diverso.  <\/p>\n","protected":false},"excerpt":{"rendered":"<p>Scopri di pi\u00f9 sugli acquari che compongono il Mediterraneo &nbsp; Il Mediterraneo si trova nella fascia dei mari temperati. \u00c8 situato tra continenti e le sue uniche connessioni con altre masse d&#8217;acqua sono il canale di Suez e lo stretto di Gibilterra. Poco profondo, relativamente piccolo e praticamente chiuso tra i continenti che lo circondano.&hellip; <a class=\"arrow\" href=\"https:\/\/www.oceanografic.org\/it\/installazione-mediterraneo\/\">Continued<\/a><\/p>\n","protected":false},"author":15,"featured_media":74765,"parent":0,"menu_order":0,"comment_status":"closed","ping_status":"closed","template":"template-blocks-collapsable.php","meta":{"_acf_changed":false,"footnotes":""},"class_list":["post-109563","page","type-page","status-publish","has-post-thumbnail","hentry"],"acf":[],"yoast_head":"<!-- This site is optimized with the Yoast SEO plugin v27.5 - https:\/\/yoast.com\/product\/yoast-seo-wordpress\/ -->\n<title>Installazione Mediterraneo - Oceanogr\u00e0fic de Val\u00e8ncia<\/title>\n<meta name=\"robots\" content=\"index, follow, max-snippet:-1, max-image-preview:large, max-video-preview:-1\" \/>\n<link rel=\"canonical\" href=\"https:\/\/www.oceanografic.org\/it\/installazione-mediterraneo\/\" \/>\n<meta property=\"og:locale\" content=\"it_IT\" \/>\n<meta property=\"og:type\" content=\"article\" \/>\n<meta property=\"og:title\" content=\"Installazione Mediterraneo - Oceanogr\u00e0fic de Val\u00e8ncia\" \/>\n<meta property=\"og:description\" content=\"Scopri di pi\u00f9 sugli acquari che compongono il Mediterraneo &nbsp; Il Mediterraneo si trova nella fascia dei mari temperati. \u00c8 situato tra continenti e le sue uniche connessioni con altre masse d&#8217;acqua sono il canale di Suez e lo stretto di Gibilterra. Poco profondo, relativamente piccolo e praticamente chiuso tra i continenti che lo circondano.&hellip; Continued\" \/>\n<meta property=\"og:url\" content=\"https:\/\/www.oceanografic.org\/it\/installazione-mediterraneo\/\" \/>\n<meta property=\"og:site_name\" content=\"Oceanogr\u00e0fic de Val\u00e8ncia\" \/>\n<meta property=\"article:publisher\" content=\"https:\/\/www.facebook.com\/oceanograficvl\" \/>\n<meta property=\"og:image\" content=\"https:\/\/www.oceanografic.org\/wp-content\/uploads\/2023\/02\/mediterraneo-1.jpg\" \/>\n\t<meta property=\"og:image:width\" content=\"1280\" \/>\n\t<meta property=\"og:image:height\" content=\"853\" \/>\n\t<meta property=\"og:image:type\" content=\"image\/jpeg\" \/>\n<meta name=\"twitter:card\" content=\"summary_large_image\" \/>\n<meta name=\"twitter:site\" content=\"@Oceanografic_vl\" \/>\n<meta name=\"twitter:label1\" content=\"Tempo di lettura stimato\" \/>\n\t<meta name=\"twitter:data1\" content=\"1 minuto\" \/>\n<script type=\"application\/ld+json\" class=\"yoast-schema-graph\">{\"@context\":\"https:\\\/\\\/schema.org\",\"@graph\":[{\"@type\":\"WebPage\",\"@id\":\"https:\\\/\\\/www.oceanografic.org\\\/it\\\/installazione-mediterraneo\\\/\",\"url\":\"https:\\\/\\\/www.oceanografic.org\\\/it\\\/installazione-mediterraneo\\\/\",\"name\":\"Installazione Mediterraneo - Oceanogr\u00e0fic de Val\u00e8ncia\",\"isPartOf\":{\"@id\":\"https:\\\/\\\/www.oceanografic.org\\\/it\\\/#website\"},\"primaryImageOfPage\":{\"@id\":\"https:\\\/\\\/www.oceanografic.org\\\/it\\\/installazione-mediterraneo\\\/#primaryimage\"},\"image\":{\"@id\":\"https:\\\/\\\/www.oceanografic.org\\\/it\\\/installazione-mediterraneo\\\/#primaryimage\"},\"thumbnailUrl\":\"https:\\\/\\\/www.oceanografic.org\\\/wp-content\\\/uploads\\\/2023\\\/02\\\/mediterraneo-1.jpg\",\"datePublished\":\"2023-02-01T16:05:04+00:00\",\"breadcrumb\":{\"@id\":\"https:\\\/\\\/www.oceanografic.org\\\/it\\\/installazione-mediterraneo\\\/#breadcrumb\"},\"inLanguage\":\"it-IT\",\"potentialAction\":[{\"@type\":\"ReadAction\",\"target\":[\"https:\\\/\\\/www.oceanografic.org\\\/it\\\/installazione-mediterraneo\\\/\"]}]},{\"@type\":\"ImageObject\",\"inLanguage\":\"it-IT\",\"@id\":\"https:\\\/\\\/www.oceanografic.org\\\/it\\\/installazione-mediterraneo\\\/#primaryimage\",\"url\":\"https:\\\/\\\/www.oceanografic.org\\\/wp-content\\\/uploads\\\/2023\\\/02\\\/mediterraneo-1.jpg\",\"contentUrl\":\"https:\\\/\\\/www.oceanografic.org\\\/wp-content\\\/uploads\\\/2023\\\/02\\\/mediterraneo-1.jpg\",\"width\":1280,\"height\":853},{\"@type\":\"BreadcrumbList\",\"@id\":\"https:\\\/\\\/www.oceanografic.org\\\/it\\\/installazione-mediterraneo\\\/#breadcrumb\",\"itemListElement\":[{\"@type\":\"ListItem\",\"position\":1,\"name\":\"Portada\",\"item\":\"https:\\\/\\\/www.oceanografic.org\\\/it\\\/\"},{\"@type\":\"ListItem\",\"position\":2,\"name\":\"Installazione Mediterraneo\"}]},{\"@type\":\"WebSite\",\"@id\":\"https:\\\/\\\/www.oceanografic.org\\\/it\\\/#website\",\"url\":\"https:\\\/\\\/www.oceanografic.org\\\/it\\\/\",\"name\":\"Oceanogr\u00e0fic de Val\u00e8ncia\",\"description\":\"\",\"publisher\":{\"@id\":\"https:\\\/\\\/www.oceanografic.org\\\/it\\\/#organization\"},\"potentialAction\":[{\"@type\":\"SearchAction\",\"target\":{\"@type\":\"EntryPoint\",\"urlTemplate\":\"https:\\\/\\\/www.oceanografic.org\\\/it\\\/?s={search_term_string}\"},\"query-input\":{\"@type\":\"PropertyValueSpecification\",\"valueRequired\":true,\"valueName\":\"search_term_string\"}}],\"inLanguage\":\"it-IT\"},{\"@type\":\"Organization\",\"@id\":\"https:\\\/\\\/www.oceanografic.org\\\/it\\\/#organization\",\"name\":\"Oceanogr\u00e0fic de Val\u00e8ncia\",\"url\":\"https:\\\/\\\/www.oceanografic.org\\\/it\\\/\",\"logo\":{\"@type\":\"ImageObject\",\"inLanguage\":\"it-IT\",\"@id\":\"https:\\\/\\\/www.oceanografic.org\\\/it\\\/#\\\/schema\\\/logo\\\/image\\\/\",\"url\":\"https:\\\/\\\/www.oceanografic.org\\\/wp-content\\\/uploads\\\/2024\\\/10\\\/Logo-OCE.png\",\"contentUrl\":\"https:\\\/\\\/www.oceanografic.org\\\/wp-content\\\/uploads\\\/2024\\\/10\\\/Logo-OCE.png\",\"width\":3543,\"height\":1286,\"caption\":\"Oceanogr\u00e0fic de Val\u00e8ncia\"},\"image\":{\"@id\":\"https:\\\/\\\/www.oceanografic.org\\\/it\\\/#\\\/schema\\\/logo\\\/image\\\/\"},\"sameAs\":[\"https:\\\/\\\/www.facebook.com\\\/oceanograficvl\",\"https:\\\/\\\/x.com\\\/Oceanografic_vl\"]}]}<\/script>\n<!-- \/ Yoast SEO plugin. -->","yoast_head_json":{"title":"Installazione Mediterraneo - Oceanogr\u00e0fic de Val\u00e8ncia","robots":{"index":"index","follow":"follow","max-snippet":"max-snippet:-1","max-image-preview":"max-image-preview:large","max-video-preview":"max-video-preview:-1"},"canonical":"https:\/\/www.oceanografic.org\/it\/installazione-mediterraneo\/","og_locale":"it_IT","og_type":"article","og_title":"Installazione Mediterraneo - Oceanogr\u00e0fic de Val\u00e8ncia","og_description":"Scopri di pi\u00f9 sugli acquari che compongono il Mediterraneo &nbsp; Il Mediterraneo si trova nella fascia dei mari temperati. \u00c8 situato tra continenti e le sue uniche connessioni con altre masse d&#8217;acqua sono il canale di Suez e lo stretto di Gibilterra. Poco profondo, relativamente piccolo e praticamente chiuso tra i continenti che lo circondano.&hellip; Continued","og_url":"https:\/\/www.oceanografic.org\/it\/installazione-mediterraneo\/","og_site_name":"Oceanogr\u00e0fic de Val\u00e8ncia","article_publisher":"https:\/\/www.facebook.com\/oceanograficvl","og_image":[{"width":1280,"height":853,"url":"https:\/\/www.oceanografic.org\/wp-content\/uploads\/2023\/02\/mediterraneo-1.jpg","type":"image\/jpeg"}],"twitter_card":"summary_large_image","twitter_site":"@Oceanografic_vl","twitter_misc":{"Tempo di lettura stimato":"1 minuto"},"schema":{"@context":"https:\/\/schema.org","@graph":[{"@type":"WebPage","@id":"https:\/\/www.oceanografic.org\/it\/installazione-mediterraneo\/","url":"https:\/\/www.oceanografic.org\/it\/installazione-mediterraneo\/","name":"Installazione Mediterraneo - Oceanogr\u00e0fic de Val\u00e8ncia","isPartOf":{"@id":"https:\/\/www.oceanografic.org\/it\/#website"},"primaryImageOfPage":{"@id":"https:\/\/www.oceanografic.org\/it\/installazione-mediterraneo\/#primaryimage"},"image":{"@id":"https:\/\/www.oceanografic.org\/it\/installazione-mediterraneo\/#primaryimage"},"thumbnailUrl":"https:\/\/www.oceanografic.org\/wp-content\/uploads\/2023\/02\/mediterraneo-1.jpg","datePublished":"2023-02-01T16:05:04+00:00","breadcrumb":{"@id":"https:\/\/www.oceanografic.org\/it\/installazione-mediterraneo\/#breadcrumb"},"inLanguage":"it-IT","potentialAction":[{"@type":"ReadAction","target":["https:\/\/www.oceanografic.org\/it\/installazione-mediterraneo\/"]}]},{"@type":"ImageObject","inLanguage":"it-IT","@id":"https:\/\/www.oceanografic.org\/it\/installazione-mediterraneo\/#primaryimage","url":"https:\/\/www.oceanografic.org\/wp-content\/uploads\/2023\/02\/mediterraneo-1.jpg","contentUrl":"https:\/\/www.oceanografic.org\/wp-content\/uploads\/2023\/02\/mediterraneo-1.jpg","width":1280,"height":853},{"@type":"BreadcrumbList","@id":"https:\/\/www.oceanografic.org\/it\/installazione-mediterraneo\/#breadcrumb","itemListElement":[{"@type":"ListItem","position":1,"name":"Portada","item":"https:\/\/www.oceanografic.org\/it\/"},{"@type":"ListItem","position":2,"name":"Installazione Mediterraneo"}]},{"@type":"WebSite","@id":"https:\/\/www.oceanografic.org\/it\/#website","url":"https:\/\/www.oceanografic.org\/it\/","name":"Oceanogr\u00e0fic de Val\u00e8ncia","description":"","publisher":{"@id":"https:\/\/www.oceanografic.org\/it\/#organization"},"potentialAction":[{"@type":"SearchAction","target":{"@type":"EntryPoint","urlTemplate":"https:\/\/www.oceanografic.org\/it\/?s={search_term_string}"},"query-input":{"@type":"PropertyValueSpecification","valueRequired":true,"valueName":"search_term_string"}}],"inLanguage":"it-IT"},{"@type":"Organization","@id":"https:\/\/www.oceanografic.org\/it\/#organization","name":"Oceanogr\u00e0fic de Val\u00e8ncia","url":"https:\/\/www.oceanografic.org\/it\/","logo":{"@type":"ImageObject","inLanguage":"it-IT","@id":"https:\/\/www.oceanografic.org\/it\/#\/schema\/logo\/image\/","url":"https:\/\/www.oceanografic.org\/wp-content\/uploads\/2024\/10\/Logo-OCE.png","contentUrl":"https:\/\/www.oceanografic.org\/wp-content\/uploads\/2024\/10\/Logo-OCE.png","width":3543,"height":1286,"caption":"Oceanogr\u00e0fic de Val\u00e8ncia"},"image":{"@id":"https:\/\/www.oceanografic.org\/it\/#\/schema\/logo\/image\/"},"sameAs":["https:\/\/www.facebook.com\/oceanograficvl","https:\/\/x.com\/Oceanografic_vl"]}]}},"_links":{"self":[{"href":"https:\/\/www.oceanografic.org\/it\/wp-json\/wp\/v2\/pages\/109563","targetHints":{"allow":["GET"]}}],"collection":[{"href":"https:\/\/www.oceanografic.org\/it\/wp-json\/wp\/v2\/pages"}],"about":[{"href":"https:\/\/www.oceanografic.org\/it\/wp-json\/wp\/v2\/types\/page"}],"author":[{"embeddable":true,"href":"https:\/\/www.oceanografic.org\/it\/wp-json\/wp\/v2\/users\/15"}],"replies":[{"embeddable":true,"href":"https:\/\/www.oceanografic.org\/it\/wp-json\/wp\/v2\/comments?post=109563"}],"version-history":[{"count":0,"href":"https:\/\/www.oceanografic.org\/it\/wp-json\/wp\/v2\/pages\/109563\/revisions"}],"wp:featuredmedia":[{"embeddable":true,"href":"https:\/\/www.oceanografic.org\/it\/wp-json\/wp\/v2\/media\/74765"}],"wp:attachment":[{"href":"https:\/\/www.oceanografic.org\/it\/wp-json\/wp\/v2\/media?parent=109563"}],"curies":[{"name":"wp","href":"https:\/\/api.w.org\/{rel}","templated":true}]}}

<h2>Scopri di più sugli acquari che compongono il Mediterraneo</h2>
<p>&nbsp;</p>
<p>Il Mediterraneo si trova nella fascia dei mari temperati. È situato tra continenti e le sue uniche connessioni con altre masse d&#8217;acqua sono il canale di Suez e lo stretto di Gibilterra. </p>
<p>Poco profondo, relativamente piccolo e praticamente chiuso tra i continenti che lo circondano. Tutto ciò fa sì che l&#8217;acqua circoli in modo peculiare, generando ecosistemi particolari e una biodiversità molto varia. Entrando nell&#8217;installazione Mediterraneo dell&#8217;Oceanogràfic, i diversi ambienti marini qui rappresentati seguiranno il corso della tua immersione e, man mano che aumenti la profondità, vedrai davanti a te un campione di un ecosistema diverso.  </p>

<p>Scopri di più sugli acquari che compongono il Mediterraneo &nbsp; Il Mediterraneo si trova nella fascia dei mari temperati. È situato tra continenti e le sue uniche connessioni con altre masse d&#8217;acqua sono il canale di Suez e lo stretto di Gibilterra. Poco profondo, relativamente piccolo e praticamente chiuso tra i continenti che lo circondano.&hellip; <a class="arrow" href="https://www.oceanografic.org/it/installazione-mediterraneo/">Continued</a></p>

<!-- This site is optimized with the Yoast SEO plugin v27.5 - https://yoast.com/product/yoast-seo-wordpress/ -->
<title>Installazione Mediterraneo - Oceanogràfic de València</title>
<meta name="robots" content="index, follow, max-snippet:-1, max-image-preview:large, max-video-preview:-1" />
<link rel="canonical" href="https://www.oceanografic.org/it/installazione-mediterraneo/" />
<meta property="og:locale" content="it_IT" />
<meta property="og:type" content="article" />
<meta property="og:title" content="Installazione Mediterraneo - Oceanogràfic de València" />
<meta property="og:description" content="Scopri di più sugli acquari che compongono il Mediterraneo &nbsp; Il Mediterraneo si trova nella fascia dei mari temperati. È situato tra continenti e le sue uniche connessioni con altre masse d&#8217;acqua sono il canale di Suez e lo stretto di Gibilterra. Poco profondo, relativamente piccolo e praticamente chiuso tra i continenti che lo circondano.&hellip; Continued" />
<meta property="og:url" content="https://www.oceanografic.org/it/installazione-mediterraneo/" />
<meta property="og:site_name" content="Oceanogràfic de València" />
<meta property="article:publisher" content="https://www.facebook.com/oceanograficvl" />
<meta property="og:image" content="https://www.oceanografic.org/wp-content/uploads/2023/02/mediterraneo-1.jpg" />
	<meta property="og:image:width" content="1280" />
	<meta property="og:image:height" content="853" />
	<meta property="og:image:type" content="image/jpeg" />
<meta name="twitter:card" content="summary_large_image" />
<meta name="twitter:site" content="@Oceanografic_vl" />
<meta name="twitter:label1" content="Tempo di lettura stimato" />
	<meta name="twitter:data1" content="1 minuto" />
<script type="application/ld+json" class="yoast-schema-graph">{"@context":"https:\/\/schema.org","@graph":[{"@type":"WebPage","@id":"https:\/\/www.oceanografic.org\/it\/installazione-mediterraneo\/","url":"https:\/\/www.oceanografic.org\/it\/installazione-mediterraneo\/","name":"Installazione Mediterraneo - Oceanogràfic de València","isPartOf":{"@id":"https:\/\/www.oceanografic.org\/it\/#website"},"primaryImageOfPage":{"@id":"https:\/\/www.oceanografic.org\/it\/installazione-mediterraneo\/#primaryimage"},"image":{"@id":"https:\/\/www.oceanografic.org\/it\/installazione-mediterraneo\/#primaryimage"},"thumbnailUrl":"https:\/\/www.oceanografic.org\/wp-content\/uploads\/2023\/02\/mediterraneo-1.jpg","datePublished":"2023-02-01T16:05:04+00:00","breadcrumb":{"@id":"https:\/\/www.oceanografic.org\/it\/installazione-mediterraneo\/#breadcrumb"},"inLanguage":"it-IT","potentialAction":[{"@type":"ReadAction","target":["https:\/\/www.oceanografic.org\/it\/installazione-mediterraneo\/"]}]},{"@type":"ImageObject","inLanguage":"it-IT","@id":"https:\/\/www.oceanografic.org\/it\/installazione-mediterraneo\/#primaryimage","url":"https:\/\/www.oceanografic.org\/wp-content\/uploads\/2023\/02\/mediterraneo-1.jpg","contentUrl":"https:\/\/www.oceanografic.org\/wp-content\/uploads\/2023\/02\/mediterraneo-1.jpg","width":1280,"height":853},{"@type":"BreadcrumbList","@id":"https:\/\/www.oceanografic.org\/it\/installazione-mediterraneo\/#breadcrumb","itemListElement":[{"@type":"ListItem","position":1,"name":"Portada","item":"https:\/\/www.oceanografic.org\/it\/"},{"@type":"ListItem","position":2,"name":"Installazione Mediterraneo"}]},{"@type":"WebSite","@id":"https:\/\/www.oceanografic.org\/it\/#website","url":"https:\/\/www.oceanografic.org\/it\/","name":"Oceanogràfic de València","description":"","publisher":{"@id":"https:\/\/www.oceanografic.org\/it\/#organization"},"potentialAction":[{"@type":"SearchAction","target":{"@type":"EntryPoint","urlTemplate":"https:\/\/www.oceanografic.org\/it\/?s={search_term_string}"},"query-input":{"@type":"PropertyValueSpecification","valueRequired":true,"valueName":"search_term_string"}}],"inLanguage":"it-IT"},{"@type":"Organization","@id":"https:\/\/www.oceanografic.org\/it\/#organization","name":"Oceanogràfic de València","url":"https:\/\/www.oceanografic.org\/it\/","logo":{"@type":"ImageObject","inLanguage":"it-IT","@id":"https:\/\/www.oceanografic.org\/it\/#\/schema\/logo\/image\/","url":"https:\/\/www.oceanografic.org\/wp-content\/uploads\/2024\/10\/Logo-OCE.png","contentUrl":"https:\/\/www.oceanografic.org\/wp-content\/uploads\/2024\/10\/Logo-OCE.png","width":3543,"height":1286,"caption":"Oceanogràfic de València"},"image":{"@id":"https:\/\/www.oceanografic.org\/it\/#\/schema\/logo\/image\/"},"sameAs":["https:\/\/www.facebook.com\/oceanograficvl","https:\/\/x.com\/Oceanografic_vl"]}]}</script>
<!-- / Yoast SEO plugin. -->

Installazione Mediterraneo - Oceanogràfic de València

Scopri di più sugli acquari che compongono il Mediterraneo &nbsp; Il Mediterraneo si trova nella fascia dei mari temperati. È situato tra continenti e le sue uniche connessioni con altre masse d&#8217;acqua sono il canale di Suez e lo stretto di Gibilterra. Poco profondo, relativamente piccolo e praticamente chiuso tra i continenti che lo circondano.&hellip; Continued

Oceanogràfic de València
