{"id":108977,"date":"2025-04-23T15:07:28","date_gmt":"2025-04-23T15:07:28","guid":{"rendered":"https:\/\/www.oceanografic.org\/ecole-dete-de-loceanografic-adolescents\/"},"modified":"2025-04-23T15:07:28","modified_gmt":"2025-04-23T15:07:28","slug":"ecole-dete-de-loceanografic-adolescents","status":"publish","type":"page","link":"https:\/\/www.oceanografic.org\/fr\/ecole-dete-de-loceanografic-adolescents\/","title":{"rendered":"\u00c9cole d\u2019\u00e9t\u00e9 de l\u2019Oceanogr\u00e0fic : Adolescents"},"content":{"rendered":"<p>Session 1 : du 29 juin au 3 juillet. Session 2 : du 6 au 10 juillet. Du lundi au jeudi : entre 8h30 et 9h00, de 9h00 \u00e0 17h00. Vendredi : entre 8h30 et 9h00, jusqu\u2019\u00e0 15h00.<\/p>\n","protected":false},"excerpt":{"rendered":"<p>Session 1 : du 29 juin au 3 juillet. Session 2 : du 6 au 10 juillet. Du lundi au jeudi : entre 8h30 et 9h00, de 9h00 \u00e0 17h00. Vendredi : entre 8h30 et 9h00, jusqu\u2019\u00e0 15h00.<\/p>\n","protected":false},"author":15,"featured_media":110424,"parent":0,"menu_order":0,"comment_status":"closed","ping_status":"closed","template":"template-blocks.php","meta":{"_acf_changed":false,"footnotes":""},"class_list":["post-108977","page","type-page","status-publish","has-post-thumbnail","hentry"],"acf":[],"yoast_head":"<!-- This site is optimized with the Yoast SEO plugin v27.5 - https:\/\/yoast.com\/product\/yoast-seo-wordpress\/ -->\n<title>\u00c9cole d\u2019\u00e9t\u00e9 de l\u2019Oceanogr\u00e0fic : Adolescents - Oceanogr\u00e0fic de Val\u00e8ncia<\/title>\n<meta name=\"robots\" content=\"index, follow, max-snippet:-1, max-image-preview:large, max-video-preview:-1\" \/>\n<link rel=\"canonical\" href=\"https:\/\/www.oceanografic.org\/fr\/ecole-dete-de-loceanografic-adolescents\/\" \/>\n<meta property=\"og:locale\" content=\"fr_FR\" \/>\n<meta property=\"og:type\" content=\"article\" \/>\n<meta property=\"og:title\" content=\"\u00c9cole d\u2019\u00e9t\u00e9 de l\u2019Oceanogr\u00e0fic : Adolescents - Oceanogr\u00e0fic de Val\u00e8ncia\" \/>\n<meta property=\"og:description\" content=\"Session 1 : du 29 juin au 3 juillet. Session 2 : du 6 au 10 juillet. Du lundi au jeudi : entre 8h30 et 9h00, de 9h00 \u00e0 17h00. Vendredi : entre 8h30 et 9h00, jusqu\u2019\u00e0 15h00.\" \/>\n<meta property=\"og:url\" content=\"https:\/\/www.oceanografic.org\/fr\/ecole-dete-de-loceanografic-adolescents\/\" \/>\n<meta property=\"og:site_name\" content=\"Oceanogr\u00e0fic de Val\u00e8ncia\" \/>\n<meta property=\"article:publisher\" content=\"https:\/\/www.facebook.com\/oceanograficvl\" \/>\n<meta property=\"og:image\" content=\"https:\/\/www.oceanografic.org\/wp-content\/uploads\/2025\/05\/Cabecera-Web.jpg\" \/>\n\t<meta property=\"og:image:width\" content=\"1890\" \/>\n\t<meta property=\"og:image:height\" content=\"1417\" \/>\n\t<meta property=\"og:image:type\" content=\"image\/jpeg\" \/>\n<meta name=\"twitter:card\" content=\"summary_large_image\" \/>\n<meta name=\"twitter:site\" content=\"@Oceanografic_vl\" \/>\n<script type=\"application\/ld+json\" class=\"yoast-schema-graph\">{\"@context\":\"https:\\\/\\\/schema.org\",\"@graph\":[{\"@type\":\"WebPage\",\"@id\":\"https:\\\/\\\/www.oceanografic.org\\\/fr\\\/ecole-dete-de-loceanografic-adolescents\\\/\",\"url\":\"https:\\\/\\\/www.oceanografic.org\\\/fr\\\/ecole-dete-de-loceanografic-adolescents\\\/\",\"name\":\"\u00c9cole d\u2019\u00e9t\u00e9 de l\u2019Oceanogr\u00e0fic : Adolescents - Oceanogr\u00e0fic de Val\u00e8ncia\",\"isPartOf\":{\"@id\":\"https:\\\/\\\/www.oceanografic.org\\\/fr\\\/#website\"},\"primaryImageOfPage\":{\"@id\":\"https:\\\/\\\/www.oceanografic.org\\\/fr\\\/ecole-dete-de-loceanografic-adolescents\\\/#primaryimage\"},\"image\":{\"@id\":\"https:\\\/\\\/www.oceanografic.org\\\/fr\\\/ecole-dete-de-loceanografic-adolescents\\\/#primaryimage\"},\"thumbnailUrl\":\"https:\\\/\\\/www.oceanografic.org\\\/wp-content\\\/uploads\\\/2026\\\/04\\\/Escuela-PROA-Teenagers-semana-1-41-1-scaled.jpg\",\"datePublished\":\"2025-04-23T15:07:28+00:00\",\"breadcrumb\":{\"@id\":\"https:\\\/\\\/www.oceanografic.org\\\/fr\\\/ecole-dete-de-loceanografic-adolescents\\\/#breadcrumb\"},\"inLanguage\":\"fr-FR\",\"potentialAction\":[{\"@type\":\"ReadAction\",\"target\":[\"https:\\\/\\\/www.oceanografic.org\\\/fr\\\/ecole-dete-de-loceanografic-adolescents\\\/\"]}]},{\"@type\":\"ImageObject\",\"inLanguage\":\"fr-FR\",\"@id\":\"https:\\\/\\\/www.oceanografic.org\\\/fr\\\/ecole-dete-de-loceanografic-adolescents\\\/#primaryimage\",\"url\":\"https:\\\/\\\/www.oceanografic.org\\\/wp-content\\\/uploads\\\/2026\\\/04\\\/Escuela-PROA-Teenagers-semana-1-41-1-scaled.jpg\",\"contentUrl\":\"https:\\\/\\\/www.oceanografic.org\\\/wp-content\\\/uploads\\\/2026\\\/04\\\/Escuela-PROA-Teenagers-semana-1-41-1-scaled.jpg\",\"width\":2560,\"height\":1707},{\"@type\":\"BreadcrumbList\",\"@id\":\"https:\\\/\\\/www.oceanografic.org\\\/fr\\\/ecole-dete-de-loceanografic-adolescents\\\/#breadcrumb\",\"itemListElement\":[{\"@type\":\"ListItem\",\"position\":1,\"name\":\"Portada\",\"item\":\"https:\\\/\\\/www.oceanografic.org\\\/fr\\\/\"},{\"@type\":\"ListItem\",\"position\":2,\"name\":\"\u00c9cole d\u2019\u00e9t\u00e9 de l\u2019Oceanogr\u00e0fic : Adolescents\"}]},{\"@type\":\"WebSite\",\"@id\":\"https:\\\/\\\/www.oceanografic.org\\\/fr\\\/#website\",\"url\":\"https:\\\/\\\/www.oceanografic.org\\\/fr\\\/\",\"name\":\"Oceanogr\u00e0fic de Val\u00e8ncia\",\"description\":\"\",\"publisher\":{\"@id\":\"https:\\\/\\\/www.oceanografic.org\\\/fr\\\/#organization\"},\"potentialAction\":[{\"@type\":\"SearchAction\",\"target\":{\"@type\":\"EntryPoint\",\"urlTemplate\":\"https:\\\/\\\/www.oceanografic.org\\\/fr\\\/?s={search_term_string}\"},\"query-input\":{\"@type\":\"PropertyValueSpecification\",\"valueRequired\":true,\"valueName\":\"search_term_string\"}}],\"inLanguage\":\"fr-FR\"},{\"@type\":\"Organization\",\"@id\":\"https:\\\/\\\/www.oceanografic.org\\\/fr\\\/#organization\",\"name\":\"Oceanogr\u00e0fic de Val\u00e8ncia\",\"url\":\"https:\\\/\\\/www.oceanografic.org\\\/fr\\\/\",\"logo\":{\"@type\":\"ImageObject\",\"inLanguage\":\"fr-FR\",\"@id\":\"https:\\\/\\\/www.oceanografic.org\\\/fr\\\/#\\\/schema\\\/logo\\\/image\\\/\",\"url\":\"https:\\\/\\\/www.oceanografic.org\\\/wp-content\\\/uploads\\\/2024\\\/10\\\/Logo-OCE.png\",\"contentUrl\":\"https:\\\/\\\/www.oceanografic.org\\\/wp-content\\\/uploads\\\/2024\\\/10\\\/Logo-OCE.png\",\"width\":3543,\"height\":1286,\"caption\":\"Oceanogr\u00e0fic de Val\u00e8ncia\"},\"image\":{\"@id\":\"https:\\\/\\\/www.oceanografic.org\\\/fr\\\/#\\\/schema\\\/logo\\\/image\\\/\"},\"sameAs\":[\"https:\\\/\\\/www.facebook.com\\\/oceanograficvl\",\"https:\\\/\\\/x.com\\\/Oceanografic_vl\"]}]}<\/script>\n<!-- \/ Yoast SEO plugin. -->","yoast_head_json":{"title":"\u00c9cole d\u2019\u00e9t\u00e9 de l\u2019Oceanogr\u00e0fic : Adolescents - Oceanogr\u00e0fic de Val\u00e8ncia","robots":{"index":"index","follow":"follow","max-snippet":"max-snippet:-1","max-image-preview":"max-image-preview:large","max-video-preview":"max-video-preview:-1"},"canonical":"https:\/\/www.oceanografic.org\/fr\/ecole-dete-de-loceanografic-adolescents\/","og_locale":"fr_FR","og_type":"article","og_title":"\u00c9cole d\u2019\u00e9t\u00e9 de l\u2019Oceanogr\u00e0fic : Adolescents - Oceanogr\u00e0fic de Val\u00e8ncia","og_description":"Session 1 : du 29 juin au 3 juillet. Session 2 : du 6 au 10 juillet. Du lundi au jeudi : entre 8h30 et 9h00, de 9h00 \u00e0 17h00. Vendredi : entre 8h30 et 9h00, jusqu\u2019\u00e0 15h00.","og_url":"https:\/\/www.oceanografic.org\/fr\/ecole-dete-de-loceanografic-adolescents\/","og_site_name":"Oceanogr\u00e0fic de Val\u00e8ncia","article_publisher":"https:\/\/www.facebook.com\/oceanograficvl","og_image":[{"width":1890,"height":1417,"url":"https:\/\/www.oceanografic.org\/wp-content\/uploads\/2025\/05\/Cabecera-Web.jpg","type":"image\/jpeg"}],"twitter_card":"summary_large_image","twitter_site":"@Oceanografic_vl","schema":{"@context":"https:\/\/schema.org","@graph":[{"@type":"WebPage","@id":"https:\/\/www.oceanografic.org\/fr\/ecole-dete-de-loceanografic-adolescents\/","url":"https:\/\/www.oceanografic.org\/fr\/ecole-dete-de-loceanografic-adolescents\/","name":"\u00c9cole d\u2019\u00e9t\u00e9 de l\u2019Oceanogr\u00e0fic : Adolescents - Oceanogr\u00e0fic de Val\u00e8ncia","isPartOf":{"@id":"https:\/\/www.oceanografic.org\/fr\/#website"},"primaryImageOfPage":{"@id":"https:\/\/www.oceanografic.org\/fr\/ecole-dete-de-loceanografic-adolescents\/#primaryimage"},"image":{"@id":"https:\/\/www.oceanografic.org\/fr\/ecole-dete-de-loceanografic-adolescents\/#primaryimage"},"thumbnailUrl":"https:\/\/www.oceanografic.org\/wp-content\/uploads\/2026\/04\/Escuela-PROA-Teenagers-semana-1-41-1-scaled.jpg","datePublished":"2025-04-23T15:07:28+00:00","breadcrumb":{"@id":"https:\/\/www.oceanografic.org\/fr\/ecole-dete-de-loceanografic-adolescents\/#breadcrumb"},"inLanguage":"fr-FR","potentialAction":[{"@type":"ReadAction","target":["https:\/\/www.oceanografic.org\/fr\/ecole-dete-de-loceanografic-adolescents\/"]}]},{"@type":"ImageObject","inLanguage":"fr-FR","@id":"https:\/\/www.oceanografic.org\/fr\/ecole-dete-de-loceanografic-adolescents\/#primaryimage","url":"https:\/\/www.oceanografic.org\/wp-content\/uploads\/2026\/04\/Escuela-PROA-Teenagers-semana-1-41-1-scaled.jpg","contentUrl":"https:\/\/www.oceanografic.org\/wp-content\/uploads\/2026\/04\/Escuela-PROA-Teenagers-semana-1-41-1-scaled.jpg","width":2560,"height":1707},{"@type":"BreadcrumbList","@id":"https:\/\/www.oceanografic.org\/fr\/ecole-dete-de-loceanografic-adolescents\/#breadcrumb","itemListElement":[{"@type":"ListItem","position":1,"name":"Portada","item":"https:\/\/www.oceanografic.org\/fr\/"},{"@type":"ListItem","position":2,"name":"\u00c9cole d\u2019\u00e9t\u00e9 de l\u2019Oceanogr\u00e0fic : Adolescents"}]},{"@type":"WebSite","@id":"https:\/\/www.oceanografic.org\/fr\/#website","url":"https:\/\/www.oceanografic.org\/fr\/","name":"Oceanogr\u00e0fic de Val\u00e8ncia","description":"","publisher":{"@id":"https:\/\/www.oceanografic.org\/fr\/#organization"},"potentialAction":[{"@type":"SearchAction","target":{"@type":"EntryPoint","urlTemplate":"https:\/\/www.oceanografic.org\/fr\/?s={search_term_string}"},"query-input":{"@type":"PropertyValueSpecification","valueRequired":true,"valueName":"search_term_string"}}],"inLanguage":"fr-FR"},{"@type":"Organization","@id":"https:\/\/www.oceanografic.org\/fr\/#organization","name":"Oceanogr\u00e0fic de Val\u00e8ncia","url":"https:\/\/www.oceanografic.org\/fr\/","logo":{"@type":"ImageObject","inLanguage":"fr-FR","@id":"https:\/\/www.oceanografic.org\/fr\/#\/schema\/logo\/image\/","url":"https:\/\/www.oceanografic.org\/wp-content\/uploads\/2024\/10\/Logo-OCE.png","contentUrl":"https:\/\/www.oceanografic.org\/wp-content\/uploads\/2024\/10\/Logo-OCE.png","width":3543,"height":1286,"caption":"Oceanogr\u00e0fic de Val\u00e8ncia"},"image":{"@id":"https:\/\/www.oceanografic.org\/fr\/#\/schema\/logo\/image\/"},"sameAs":["https:\/\/www.facebook.com\/oceanograficvl","https:\/\/x.com\/Oceanografic_vl"]}]}},"_links":{"self":[{"href":"https:\/\/www.oceanografic.org\/fr\/wp-json\/wp\/v2\/pages\/108977","targetHints":{"allow":["GET"]}}],"collection":[{"href":"https:\/\/www.oceanografic.org\/fr\/wp-json\/wp\/v2\/pages"}],"about":[{"href":"https:\/\/www.oceanografic.org\/fr\/wp-json\/wp\/v2\/types\/page"}],"author":[{"embeddable":true,"href":"https:\/\/www.oceanografic.org\/fr\/wp-json\/wp\/v2\/users\/15"}],"replies":[{"embeddable":true,"href":"https:\/\/www.oceanografic.org\/fr\/wp-json\/wp\/v2\/comments?post=108977"}],"version-history":[{"count":0,"href":"https:\/\/www.oceanografic.org\/fr\/wp-json\/wp\/v2\/pages\/108977\/revisions"}],"wp:featuredmedia":[{"embeddable":true,"href":"https:\/\/www.oceanografic.org\/fr\/wp-json\/wp\/v2\/media\/110424"}],"wp:attachment":[{"href":"https:\/\/www.oceanografic.org\/fr\/wp-json\/wp\/v2\/media?parent=108977"}],"curies":[{"name":"wp","href":"https:\/\/api.w.org\/{rel}","templated":true}]}}

École d’été de l’Oceanogràfic : Adolescents

<p>Session 1 : du 29 juin au 3 juillet. Session 2 : du 6 au 10 juillet. Du lundi au jeudi : entre 8h30 et 9h00, de 9h00 à 17h00. Vendredi : entre 8h30 et 9h00, jusqu’à 15h00.</p>

<!-- This site is optimized with the Yoast SEO plugin v27.5 - https://yoast.com/product/yoast-seo-wordpress/ -->
<title>École d’été de l’Oceanogràfic : Adolescents - Oceanogràfic de València</title>
<meta name="robots" content="index, follow, max-snippet:-1, max-image-preview:large, max-video-preview:-1" />
<link rel="canonical" href="https://www.oceanografic.org/fr/ecole-dete-de-loceanografic-adolescents/" />
<meta property="og:locale" content="fr_FR" />
<meta property="og:type" content="article" />
<meta property="og:title" content="École d’été de l’Oceanogràfic : Adolescents - Oceanogràfic de València" />
<meta property="og:description" content="Session 1 : du 29 juin au 3 juillet. Session 2 : du 6 au 10 juillet. Du lundi au jeudi : entre 8h30 et 9h00, de 9h00 à 17h00. Vendredi : entre 8h30 et 9h00, jusqu’à 15h00." />
<meta property="og:url" content="https://www.oceanografic.org/fr/ecole-dete-de-loceanografic-adolescents/" />
<meta property="og:site_name" content="Oceanogràfic de València" />
<meta property="article:publisher" content="https://www.facebook.com/oceanograficvl" />
<meta property="og:image" content="https://www.oceanografic.org/wp-content/uploads/2025/05/Cabecera-Web.jpg" />
	<meta property="og:image:width" content="1890" />
	<meta property="og:image:height" content="1417" />
	<meta property="og:image:type" content="image/jpeg" />
<meta name="twitter:card" content="summary_large_image" />
<meta name="twitter:site" content="@Oceanografic_vl" />
<script type="application/ld+json" class="yoast-schema-graph">{"@context":"https:\/\/schema.org","@graph":[{"@type":"WebPage","@id":"https:\/\/www.oceanografic.org\/fr\/ecole-dete-de-loceanografic-adolescents\/","url":"https:\/\/www.oceanografic.org\/fr\/ecole-dete-de-loceanografic-adolescents\/","name":"École d’été de l’Oceanogràfic : Adolescents - Oceanogràfic de València","isPartOf":{"@id":"https:\/\/www.oceanografic.org\/fr\/#website"},"primaryImageOfPage":{"@id":"https:\/\/www.oceanografic.org\/fr\/ecole-dete-de-loceanografic-adolescents\/#primaryimage"},"image":{"@id":"https:\/\/www.oceanografic.org\/fr\/ecole-dete-de-loceanografic-adolescents\/#primaryimage"},"thumbnailUrl":"https:\/\/www.oceanografic.org\/wp-content\/uploads\/2026\/04\/Escuela-PROA-Teenagers-semana-1-41-1-scaled.jpg","datePublished":"2025-04-23T15:07:28+00:00","breadcrumb":{"@id":"https:\/\/www.oceanografic.org\/fr\/ecole-dete-de-loceanografic-adolescents\/#breadcrumb"},"inLanguage":"fr-FR","potentialAction":[{"@type":"ReadAction","target":["https:\/\/www.oceanografic.org\/fr\/ecole-dete-de-loceanografic-adolescents\/"]}]},{"@type":"ImageObject","inLanguage":"fr-FR","@id":"https:\/\/www.oceanografic.org\/fr\/ecole-dete-de-loceanografic-adolescents\/#primaryimage","url":"https:\/\/www.oceanografic.org\/wp-content\/uploads\/2026\/04\/Escuela-PROA-Teenagers-semana-1-41-1-scaled.jpg","contentUrl":"https:\/\/www.oceanografic.org\/wp-content\/uploads\/2026\/04\/Escuela-PROA-Teenagers-semana-1-41-1-scaled.jpg","width":2560,"height":1707},{"@type":"BreadcrumbList","@id":"https:\/\/www.oceanografic.org\/fr\/ecole-dete-de-loceanografic-adolescents\/#breadcrumb","itemListElement":[{"@type":"ListItem","position":1,"name":"Portada","item":"https:\/\/www.oceanografic.org\/fr\/"},{"@type":"ListItem","position":2,"name":"École d’été de l’Oceanogràfic : Adolescents"}]},{"@type":"WebSite","@id":"https:\/\/www.oceanografic.org\/fr\/#website","url":"https:\/\/www.oceanografic.org\/fr\/","name":"Oceanogràfic de València","description":"","publisher":{"@id":"https:\/\/www.oceanografic.org\/fr\/#organization"},"potentialAction":[{"@type":"SearchAction","target":{"@type":"EntryPoint","urlTemplate":"https:\/\/www.oceanografic.org\/fr\/?s={search_term_string}"},"query-input":{"@type":"PropertyValueSpecification","valueRequired":true,"valueName":"search_term_string"}}],"inLanguage":"fr-FR"},{"@type":"Organization","@id":"https:\/\/www.oceanografic.org\/fr\/#organization","name":"Oceanogràfic de València","url":"https:\/\/www.oceanografic.org\/fr\/","logo":{"@type":"ImageObject","inLanguage":"fr-FR","@id":"https:\/\/www.oceanografic.org\/fr\/#\/schema\/logo\/image\/","url":"https:\/\/www.oceanografic.org\/wp-content\/uploads\/2024\/10\/Logo-OCE.png","contentUrl":"https:\/\/www.oceanografic.org\/wp-content\/uploads\/2024\/10\/Logo-OCE.png","width":3543,"height":1286,"caption":"Oceanogràfic de València"},"image":{"@id":"https:\/\/www.oceanografic.org\/fr\/#\/schema\/logo\/image\/"},"sameAs":["https:\/\/www.facebook.com\/oceanograficvl","https:\/\/x.com\/Oceanografic_vl"]}]}</script>
<!-- / Yoast SEO plugin. -->

École d’été de l’Oceanogràfic : Adolescents - Oceanogràfic de València

Session 1 : du 29 juin au 3 juillet. Session 2 : du 6 au 10 juillet. Du lundi au jeudi : entre 8h30 et 9h00, de 9h00 à 17h00. Vendredi : entre 8h30 et 9h00, jusqu’à 15h00.

Oceanogràfic de València
