{"id":108982,"date":"2025-04-23T15:07:28","date_gmt":"2025-04-23T15:07:28","guid":{"rendered":"https:\/\/www.oceanografic.org\/oceanografic-summer-school-teenagers\/"},"modified":"2025-04-23T15:07:28","modified_gmt":"2025-04-23T15:07:28","slug":"oceanografic-summer-school-teenagers","status":"publish","type":"page","link":"https:\/\/www.oceanografic.org\/en\/oceanografic-summer-school-teenagers\/","title":{"rendered":"Oceanogr\u00e0fic Summer School: Teenagers"},"content":{"rendered":"<p>Session 1: June 29 to July 3. Session 2: July 6 to 10. Monday to Thursday: 8:30-9:00 AM to 5:00 PM. Friday: 8:30-9:00 AM to 3:00 PM.<\/p>\n","protected":false},"excerpt":{"rendered":"<p>Session 1: June 29 to July 3. Session 2: July 6 to 10. Monday to Thursday: 8:30-9:00 AM to 5:00 PM. Friday: 8:30-9:00 AM to 3:00 PM.<\/p>\n","protected":false},"author":15,"featured_media":110423,"parent":0,"menu_order":0,"comment_status":"closed","ping_status":"closed","template":"template-blocks.php","meta":{"_acf_changed":false,"footnotes":""},"class_list":["post-108982","page","type-page","status-publish","has-post-thumbnail","hentry"],"acf":[],"yoast_head":"<!-- This site is optimized with the Yoast SEO plugin v27.5 - https:\/\/yoast.com\/product\/yoast-seo-wordpress\/ -->\n<title>Oceanogr\u00e0fic Summer School: Teenagers - Oceanogr\u00e0fic de Val\u00e8ncia<\/title>\n<meta name=\"robots\" content=\"index, follow, max-snippet:-1, max-image-preview:large, max-video-preview:-1\" \/>\n<link rel=\"canonical\" href=\"https:\/\/www.oceanografic.org\/en\/oceanografic-summer-school-teenagers\/\" \/>\n<meta property=\"og:locale\" content=\"en_US\" \/>\n<meta property=\"og:type\" content=\"article\" \/>\n<meta property=\"og:title\" content=\"Oceanogr\u00e0fic Summer School: Teenagers - Oceanogr\u00e0fic de Val\u00e8ncia\" \/>\n<meta property=\"og:description\" content=\"Session 1: June 29 to July 3. Session 2: July 6 to 10. Monday to Thursday: 8:30-9:00 AM to 5:00 PM. Friday: 8:30-9:00 AM to 3:00 PM.\" \/>\n<meta property=\"og:url\" content=\"https:\/\/www.oceanografic.org\/en\/oceanografic-summer-school-teenagers\/\" \/>\n<meta property=\"og:site_name\" content=\"Oceanogr\u00e0fic de Val\u00e8ncia\" \/>\n<meta property=\"article:publisher\" content=\"https:\/\/www.facebook.com\/oceanograficvl\" \/>\n<meta property=\"og:image\" content=\"https:\/\/www.oceanografic.org\/wp-content\/uploads\/2025\/05\/Cabecera-Web.jpg\" \/>\n\t<meta property=\"og:image:width\" content=\"1890\" \/>\n\t<meta property=\"og:image:height\" content=\"1417\" \/>\n\t<meta property=\"og:image:type\" content=\"image\/jpeg\" \/>\n<meta name=\"twitter:card\" content=\"summary_large_image\" \/>\n<meta name=\"twitter:site\" content=\"@Oceanografic_vl\" \/>\n<script type=\"application\/ld+json\" class=\"yoast-schema-graph\">{\"@context\":\"https:\\\/\\\/schema.org\",\"@graph\":[{\"@type\":\"WebPage\",\"@id\":\"https:\\\/\\\/www.oceanografic.org\\\/en\\\/oceanografic-summer-school-teenagers\\\/\",\"url\":\"https:\\\/\\\/www.oceanografic.org\\\/en\\\/oceanografic-summer-school-teenagers\\\/\",\"name\":\"Oceanogr\u00e0fic Summer School: Teenagers - Oceanogr\u00e0fic de Val\u00e8ncia\",\"isPartOf\":{\"@id\":\"https:\\\/\\\/www.oceanografic.org\\\/en\\\/#website\"},\"primaryImageOfPage\":{\"@id\":\"https:\\\/\\\/www.oceanografic.org\\\/en\\\/oceanografic-summer-school-teenagers\\\/#primaryimage\"},\"image\":{\"@id\":\"https:\\\/\\\/www.oceanografic.org\\\/en\\\/oceanografic-summer-school-teenagers\\\/#primaryimage\"},\"thumbnailUrl\":\"https:\\\/\\\/www.oceanografic.org\\\/wp-content\\\/uploads\\\/2026\\\/04\\\/Escuela-PROA-Teenagers-semana-1-41-1-scaled.jpg\",\"datePublished\":\"2025-04-23T15:07:28+00:00\",\"breadcrumb\":{\"@id\":\"https:\\\/\\\/www.oceanografic.org\\\/en\\\/oceanografic-summer-school-teenagers\\\/#breadcrumb\"},\"inLanguage\":\"en-US\",\"potentialAction\":[{\"@type\":\"ReadAction\",\"target\":[\"https:\\\/\\\/www.oceanografic.org\\\/en\\\/oceanografic-summer-school-teenagers\\\/\"]}]},{\"@type\":\"ImageObject\",\"inLanguage\":\"en-US\",\"@id\":\"https:\\\/\\\/www.oceanografic.org\\\/en\\\/oceanografic-summer-school-teenagers\\\/#primaryimage\",\"url\":\"https:\\\/\\\/www.oceanografic.org\\\/wp-content\\\/uploads\\\/2026\\\/04\\\/Escuela-PROA-Teenagers-semana-1-41-1-scaled.jpg\",\"contentUrl\":\"https:\\\/\\\/www.oceanografic.org\\\/wp-content\\\/uploads\\\/2026\\\/04\\\/Escuela-PROA-Teenagers-semana-1-41-1-scaled.jpg\",\"width\":2560,\"height\":1707},{\"@type\":\"BreadcrumbList\",\"@id\":\"https:\\\/\\\/www.oceanografic.org\\\/en\\\/oceanografic-summer-school-teenagers\\\/#breadcrumb\",\"itemListElement\":[{\"@type\":\"ListItem\",\"position\":1,\"name\":\"Portada\",\"item\":\"https:\\\/\\\/www.oceanografic.org\\\/en\\\/\"},{\"@type\":\"ListItem\",\"position\":2,\"name\":\"Oceanogr\u00e0fic Summer School: Teenagers\"}]},{\"@type\":\"WebSite\",\"@id\":\"https:\\\/\\\/www.oceanografic.org\\\/en\\\/#website\",\"url\":\"https:\\\/\\\/www.oceanografic.org\\\/en\\\/\",\"name\":\"Oceanogr\u00e0fic de Val\u00e8ncia\",\"description\":\"\",\"publisher\":{\"@id\":\"https:\\\/\\\/www.oceanografic.org\\\/en\\\/#organization\"},\"potentialAction\":[{\"@type\":\"SearchAction\",\"target\":{\"@type\":\"EntryPoint\",\"urlTemplate\":\"https:\\\/\\\/www.oceanografic.org\\\/en\\\/?s={search_term_string}\"},\"query-input\":{\"@type\":\"PropertyValueSpecification\",\"valueRequired\":true,\"valueName\":\"search_term_string\"}}],\"inLanguage\":\"en-US\"},{\"@type\":\"Organization\",\"@id\":\"https:\\\/\\\/www.oceanografic.org\\\/en\\\/#organization\",\"name\":\"Oceanogr\u00e0fic de Val\u00e8ncia\",\"url\":\"https:\\\/\\\/www.oceanografic.org\\\/en\\\/\",\"logo\":{\"@type\":\"ImageObject\",\"inLanguage\":\"en-US\",\"@id\":\"https:\\\/\\\/www.oceanografic.org\\\/en\\\/#\\\/schema\\\/logo\\\/image\\\/\",\"url\":\"https:\\\/\\\/www.oceanografic.org\\\/wp-content\\\/uploads\\\/2024\\\/10\\\/Logo-OCE.png\",\"contentUrl\":\"https:\\\/\\\/www.oceanografic.org\\\/wp-content\\\/uploads\\\/2024\\\/10\\\/Logo-OCE.png\",\"width\":3543,\"height\":1286,\"caption\":\"Oceanogr\u00e0fic de Val\u00e8ncia\"},\"image\":{\"@id\":\"https:\\\/\\\/www.oceanografic.org\\\/en\\\/#\\\/schema\\\/logo\\\/image\\\/\"},\"sameAs\":[\"https:\\\/\\\/www.facebook.com\\\/oceanograficvl\",\"https:\\\/\\\/x.com\\\/Oceanografic_vl\"]}]}<\/script>\n<!-- \/ Yoast SEO plugin. -->","yoast_head_json":{"title":"Oceanogr\u00e0fic Summer School: Teenagers - Oceanogr\u00e0fic de Val\u00e8ncia","robots":{"index":"index","follow":"follow","max-snippet":"max-snippet:-1","max-image-preview":"max-image-preview:large","max-video-preview":"max-video-preview:-1"},"canonical":"https:\/\/www.oceanografic.org\/en\/oceanografic-summer-school-teenagers\/","og_locale":"en_US","og_type":"article","og_title":"Oceanogr\u00e0fic Summer School: Teenagers - Oceanogr\u00e0fic de Val\u00e8ncia","og_description":"Session 1: June 29 to July 3. Session 2: July 6 to 10. Monday to Thursday: 8:30-9:00 AM to 5:00 PM. Friday: 8:30-9:00 AM to 3:00 PM.","og_url":"https:\/\/www.oceanografic.org\/en\/oceanografic-summer-school-teenagers\/","og_site_name":"Oceanogr\u00e0fic de Val\u00e8ncia","article_publisher":"https:\/\/www.facebook.com\/oceanograficvl","og_image":[{"width":1890,"height":1417,"url":"https:\/\/www.oceanografic.org\/wp-content\/uploads\/2025\/05\/Cabecera-Web.jpg","type":"image\/jpeg"}],"twitter_card":"summary_large_image","twitter_site":"@Oceanografic_vl","schema":{"@context":"https:\/\/schema.org","@graph":[{"@type":"WebPage","@id":"https:\/\/www.oceanografic.org\/en\/oceanografic-summer-school-teenagers\/","url":"https:\/\/www.oceanografic.org\/en\/oceanografic-summer-school-teenagers\/","name":"Oceanogr\u00e0fic Summer School: Teenagers - Oceanogr\u00e0fic de Val\u00e8ncia","isPartOf":{"@id":"https:\/\/www.oceanografic.org\/en\/#website"},"primaryImageOfPage":{"@id":"https:\/\/www.oceanografic.org\/en\/oceanografic-summer-school-teenagers\/#primaryimage"},"image":{"@id":"https:\/\/www.oceanografic.org\/en\/oceanografic-summer-school-teenagers\/#primaryimage"},"thumbnailUrl":"https:\/\/www.oceanografic.org\/wp-content\/uploads\/2026\/04\/Escuela-PROA-Teenagers-semana-1-41-1-scaled.jpg","datePublished":"2025-04-23T15:07:28+00:00","breadcrumb":{"@id":"https:\/\/www.oceanografic.org\/en\/oceanografic-summer-school-teenagers\/#breadcrumb"},"inLanguage":"en-US","potentialAction":[{"@type":"ReadAction","target":["https:\/\/www.oceanografic.org\/en\/oceanografic-summer-school-teenagers\/"]}]},{"@type":"ImageObject","inLanguage":"en-US","@id":"https:\/\/www.oceanografic.org\/en\/oceanografic-summer-school-teenagers\/#primaryimage","url":"https:\/\/www.oceanografic.org\/wp-content\/uploads\/2026\/04\/Escuela-PROA-Teenagers-semana-1-41-1-scaled.jpg","contentUrl":"https:\/\/www.oceanografic.org\/wp-content\/uploads\/2026\/04\/Escuela-PROA-Teenagers-semana-1-41-1-scaled.jpg","width":2560,"height":1707},{"@type":"BreadcrumbList","@id":"https:\/\/www.oceanografic.org\/en\/oceanografic-summer-school-teenagers\/#breadcrumb","itemListElement":[{"@type":"ListItem","position":1,"name":"Portada","item":"https:\/\/www.oceanografic.org\/en\/"},{"@type":"ListItem","position":2,"name":"Oceanogr\u00e0fic Summer School: Teenagers"}]},{"@type":"WebSite","@id":"https:\/\/www.oceanografic.org\/en\/#website","url":"https:\/\/www.oceanografic.org\/en\/","name":"Oceanogr\u00e0fic de Val\u00e8ncia","description":"","publisher":{"@id":"https:\/\/www.oceanografic.org\/en\/#organization"},"potentialAction":[{"@type":"SearchAction","target":{"@type":"EntryPoint","urlTemplate":"https:\/\/www.oceanografic.org\/en\/?s={search_term_string}"},"query-input":{"@type":"PropertyValueSpecification","valueRequired":true,"valueName":"search_term_string"}}],"inLanguage":"en-US"},{"@type":"Organization","@id":"https:\/\/www.oceanografic.org\/en\/#organization","name":"Oceanogr\u00e0fic de Val\u00e8ncia","url":"https:\/\/www.oceanografic.org\/en\/","logo":{"@type":"ImageObject","inLanguage":"en-US","@id":"https:\/\/www.oceanografic.org\/en\/#\/schema\/logo\/image\/","url":"https:\/\/www.oceanografic.org\/wp-content\/uploads\/2024\/10\/Logo-OCE.png","contentUrl":"https:\/\/www.oceanografic.org\/wp-content\/uploads\/2024\/10\/Logo-OCE.png","width":3543,"height":1286,"caption":"Oceanogr\u00e0fic de Val\u00e8ncia"},"image":{"@id":"https:\/\/www.oceanografic.org\/en\/#\/schema\/logo\/image\/"},"sameAs":["https:\/\/www.facebook.com\/oceanograficvl","https:\/\/x.com\/Oceanografic_vl"]}]}},"_links":{"self":[{"href":"https:\/\/www.oceanografic.org\/en\/wp-json\/wp\/v2\/pages\/108982","targetHints":{"allow":["GET"]}}],"collection":[{"href":"https:\/\/www.oceanografic.org\/en\/wp-json\/wp\/v2\/pages"}],"about":[{"href":"https:\/\/www.oceanografic.org\/en\/wp-json\/wp\/v2\/types\/page"}],"author":[{"embeddable":true,"href":"https:\/\/www.oceanografic.org\/en\/wp-json\/wp\/v2\/users\/15"}],"replies":[{"embeddable":true,"href":"https:\/\/www.oceanografic.org\/en\/wp-json\/wp\/v2\/comments?post=108982"}],"version-history":[{"count":0,"href":"https:\/\/www.oceanografic.org\/en\/wp-json\/wp\/v2\/pages\/108982\/revisions"}],"wp:featuredmedia":[{"embeddable":true,"href":"https:\/\/www.oceanografic.org\/en\/wp-json\/wp\/v2\/media\/110423"}],"wp:attachment":[{"href":"https:\/\/www.oceanografic.org\/en\/wp-json\/wp\/v2\/media?parent=108982"}],"curies":[{"name":"wp","href":"https:\/\/api.w.org\/{rel}","templated":true}]}}

Oceanogràfic Summer School: Teenagers

<!-- This site is optimized with the Yoast SEO plugin v27.5 - https://yoast.com/product/yoast-seo-wordpress/ -->
<title>Oceanogràfic Summer School: Teenagers - Oceanogràfic de València</title>
<meta name="robots" content="index, follow, max-snippet:-1, max-image-preview:large, max-video-preview:-1" />
<link rel="canonical" href="https://www.oceanografic.org/en/oceanografic-summer-school-teenagers/" />
<meta property="og:locale" content="en_US" />
<meta property="og:type" content="article" />
<meta property="og:title" content="Oceanogràfic Summer School: Teenagers - Oceanogràfic de València" />
<meta property="og:description" content="Session 1: June 29 to July 3. Session 2: July 6 to 10. Monday to Thursday: 8:30-9:00 AM to 5:00 PM. Friday: 8:30-9:00 AM to 3:00 PM." />
<meta property="og:url" content="https://www.oceanografic.org/en/oceanografic-summer-school-teenagers/" />
<meta property="og:site_name" content="Oceanogràfic de València" />
<meta property="article:publisher" content="https://www.facebook.com/oceanograficvl" />
<meta property="og:image" content="https://www.oceanografic.org/wp-content/uploads/2025/05/Cabecera-Web.jpg" />
	<meta property="og:image:width" content="1890" />
	<meta property="og:image:height" content="1417" />
	<meta property="og:image:type" content="image/jpeg" />
<meta name="twitter:card" content="summary_large_image" />
<meta name="twitter:site" content="@Oceanografic_vl" />
<script type="application/ld+json" class="yoast-schema-graph">{"@context":"https:\/\/schema.org","@graph":[{"@type":"WebPage","@id":"https:\/\/www.oceanografic.org\/en\/oceanografic-summer-school-teenagers\/","url":"https:\/\/www.oceanografic.org\/en\/oceanografic-summer-school-teenagers\/","name":"Oceanogràfic Summer School: Teenagers - Oceanogràfic de València","isPartOf":{"@id":"https:\/\/www.oceanografic.org\/en\/#website"},"primaryImageOfPage":{"@id":"https:\/\/www.oceanografic.org\/en\/oceanografic-summer-school-teenagers\/#primaryimage"},"image":{"@id":"https:\/\/www.oceanografic.org\/en\/oceanografic-summer-school-teenagers\/#primaryimage"},"thumbnailUrl":"https:\/\/www.oceanografic.org\/wp-content\/uploads\/2026\/04\/Escuela-PROA-Teenagers-semana-1-41-1-scaled.jpg","datePublished":"2025-04-23T15:07:28+00:00","breadcrumb":{"@id":"https:\/\/www.oceanografic.org\/en\/oceanografic-summer-school-teenagers\/#breadcrumb"},"inLanguage":"en-US","potentialAction":[{"@type":"ReadAction","target":["https:\/\/www.oceanografic.org\/en\/oceanografic-summer-school-teenagers\/"]}]},{"@type":"ImageObject","inLanguage":"en-US","@id":"https:\/\/www.oceanografic.org\/en\/oceanografic-summer-school-teenagers\/#primaryimage","url":"https:\/\/www.oceanografic.org\/wp-content\/uploads\/2026\/04\/Escuela-PROA-Teenagers-semana-1-41-1-scaled.jpg","contentUrl":"https:\/\/www.oceanografic.org\/wp-content\/uploads\/2026\/04\/Escuela-PROA-Teenagers-semana-1-41-1-scaled.jpg","width":2560,"height":1707},{"@type":"BreadcrumbList","@id":"https:\/\/www.oceanografic.org\/en\/oceanografic-summer-school-teenagers\/#breadcrumb","itemListElement":[{"@type":"ListItem","position":1,"name":"Portada","item":"https:\/\/www.oceanografic.org\/en\/"},{"@type":"ListItem","position":2,"name":"Oceanogràfic Summer School: Teenagers"}]},{"@type":"WebSite","@id":"https:\/\/www.oceanografic.org\/en\/#website","url":"https:\/\/www.oceanografic.org\/en\/","name":"Oceanogràfic de València","description":"","publisher":{"@id":"https:\/\/www.oceanografic.org\/en\/#organization"},"potentialAction":[{"@type":"SearchAction","target":{"@type":"EntryPoint","urlTemplate":"https:\/\/www.oceanografic.org\/en\/?s={search_term_string}"},"query-input":{"@type":"PropertyValueSpecification","valueRequired":true,"valueName":"search_term_string"}}],"inLanguage":"en-US"},{"@type":"Organization","@id":"https:\/\/www.oceanografic.org\/en\/#organization","name":"Oceanogràfic de València","url":"https:\/\/www.oceanografic.org\/en\/","logo":{"@type":"ImageObject","inLanguage":"en-US","@id":"https:\/\/www.oceanografic.org\/en\/#\/schema\/logo\/image\/","url":"https:\/\/www.oceanografic.org\/wp-content\/uploads\/2024\/10\/Logo-OCE.png","contentUrl":"https:\/\/www.oceanografic.org\/wp-content\/uploads\/2024\/10\/Logo-OCE.png","width":3543,"height":1286,"caption":"Oceanogràfic de València"},"image":{"@id":"https:\/\/www.oceanografic.org\/en\/#\/schema\/logo\/image\/"},"sameAs":["https:\/\/www.facebook.com\/oceanograficvl","https:\/\/x.com\/Oceanografic_vl"]}]}</script>
<!-- / Yoast SEO plugin. -->

Oceanogràfic Summer School: Teenagers - Oceanogràfic de València

Oceanogràfic de València
